Last updated on 2025-05-09 01:50:07 CEST.
Flavor | Version | Tinstall | Tcheck | Ttotal | Status | Flags |
---|---|---|---|---|---|---|
r-devel-linux-x86_64-debian-clang | 0.1.8.10 | 32.96 | 126.10 | 159.06 | OK | |
r-devel-linux-x86_64-debian-gcc | 0.1.8.10 | 24.31 | 85.99 | 110.30 | OK | |
r-devel-linux-x86_64-fedora-clang | 0.1.8.10 | 241.88 | OK | |||
r-devel-linux-x86_64-fedora-gcc | 0.1.8.10 | 274.17 | OK | |||
r-devel-windows-x86_64 | 0.1.8.10 | 37.00 | 177.00 | 214.00 | OK | |
r-patched-linux-x86_64 | 0.1.8.10 | 38.37 | 117.19 | 155.56 | OK | |
r-release-linux-x86_64 | 0.1.8.10 | 30.82 | 117.98 | 148.80 | OK | |
r-release-macos-arm64 | 0.1.8.10 | 69.00 | OK | |||
r-release-macos-x86_64 | 0.1.8.10 | 121.00 | OK | |||
r-release-windows-x86_64 | 0.1.8.10 | 42.00 | 176.00 | 218.00 | OK | |
r-oldrel-macos-arm64 | 0.1.8.10 | 75.00 | NOTE | |||
r-oldrel-macos-x86_64 | 0.1.8.10 | 108.00 | NOTE | |||
r-oldrel-windows-x86_64 | 0.1.8.10 | 52.00 | 221.00 | 273.00 | OK |
Version: 0.1.8.10
Check: installed package size
Result: NOTE
installed size is 5.1Mb
sub-directories of 1Mb or more:
data 1.4Mb
libs 1.8Mb
shiny-server 1.0Mb
Flavors: r-oldrel-macos-arm64, r-oldrel-macos-x86_64