Last updated on 2025-11-16 01:49:19 CET.
| Flavor | Version | Tinstall | Tcheck | Ttotal | Status | Flags |
|---|---|---|---|---|---|---|
| r-devel-linux-x86_64-debian-clang | 1.1 | 3.03 | 34.22 | 37.25 | OK | |
| r-devel-linux-x86_64-debian-gcc | 1.1 | 2.45 | 26.51 | 28.96 | NOTE | |
| r-devel-linux-x86_64-fedora-clang | 1.1 | 14.00 | 43.52 | 57.52 | OK | |
| r-devel-linux-x86_64-fedora-gcc | 1.1 | 52.40 | OK | |||
| r-devel-windows-x86_64 | 1.1 | 6.00 | 49.00 | 55.00 | OK | |
| r-patched-linux-x86_64 | 1.1 | 3.04 | 31.38 | 34.42 | OK | |
| r-release-linux-x86_64 | 1.1 | 3.38 | 31.35 | 34.73 | OK | |
| r-release-macos-arm64 | 1.1 | 3.00 | 23.00 | 26.00 | OK | |
| r-release-macos-x86_64 | 1.1 | 3.00 | 34.00 | 37.00 | OK | |
| r-release-windows-x86_64 | 1.1 | 5.00 | 48.00 | 53.00 | OK | |
| r-oldrel-macos-arm64 | 1.1 | 2.00 | 19.00 | 21.00 | OK | |
| r-oldrel-macos-x86_64 | 1.1 | 2.00 | 27.00 | 29.00 | OK | |
| r-oldrel-windows-x86_64 | 1.1 | 6.00 | 59.00 | 65.00 | OK |
Version: 1.1
Check: CRAN incoming feasibility
Result: NOTE
Maintainer: ‘Philipp Angerer <phil.angerer@gmail.com>’
The BugReports field in DESCRIPTION has
https://github.com/IRkernel/IRdisplay/issues/
which should likely be
https://github.com/IRkernel/IRdisplay/issues/issues
instead.
Flavor: r-devel-linux-x86_64-debian-gcc