Last updated on 2024-05-21 02:02:05 CEST.
Flavor | Version | Tinstall | Tcheck | Ttotal | Status | Flags |
---|---|---|---|---|---|---|
r-devel-linux-x86_64-debian-clang | 2.3.0 | 10.78 | 154.79 | 165.57 | NOTE | |
r-devel-linux-x86_64-debian-gcc | 2.3.0 | 9.26 | 116.33 | 125.59 | NOTE | |
r-devel-linux-x86_64-fedora-clang | 2.3.0 | 216.12 | NOTE | |||
r-devel-linux-x86_64-fedora-gcc | 2.3.0 | 207.75 | NOTE | |||
r-devel-windows-x86_64 | 2.3.0 | 12.00 | 154.00 | 166.00 | NOTE | |
r-patched-linux-x86_64 | 2.3.0 | 13.35 | 147.72 | 161.07 | NOTE | |
r-release-linux-x86_64 | 2.3.0 | 11.60 | 143.57 | 155.17 | NOTE | |
r-release-macos-arm64 | 2.3.0 | 66.00 | NOTE | |||
r-release-windows-x86_64 | 2.3.0 | 12.00 | 328.00 | 340.00 | NOTE | |
r-oldrel-macos-arm64 | 2.3.0 | 69.00 | NOTE | |||
r-oldrel-macos-x86_64 | 2.3.0 | 123.00 | NOTE | |||
r-oldrel-windows-x86_64 | 2.3.0 | 15.00 | 166.00 | 181.00 | NOTE |
Version: 2.3.0
Check: Rd files
Result: NOTE
checkRd: (-1) saveFile.Rd:15: Lost braces; missing escapes or markup?
15 | \code{saveFile} Saves a csv report with the following columns: Convex Hull Area, Convex Hull Centroid X, Convex Hull Centroid Y, Sample Size, Ichen, Iscaled, pvalue , Mean, MeanScaled, STD DEV, SDScaled, Q_{1\%}, Q_{1\%Scaled}, $Q_{99\%}, Q_{99\%Scaled}, Max, Max_{Scaled}, Min, Min_{Scaled}, Skew,Skew_Scaled, Kutorsis,Kutorsis_Scaled.
| ^
checkRd: (-1) saveFile.Rd:15: Lost braces; missing escapes or markup?
15 | \code{saveFile} Saves a csv report with the following columns: Convex Hull Area, Convex Hull Centroid X, Convex Hull Centroid Y, Sample Size, Ichen, Iscaled, pvalue , Mean, MeanScaled, STD DEV, SDScaled, Q_{1\%}, Q_{1\%Scaled}, $Q_{99\%}, Q_{99\%Scaled}, Max, Max_{Scaled}, Min, Min_{Scaled}, Skew,Skew_Scaled, Kutorsis,Kutorsis_Scaled.
| ^
checkRd: (-1) saveFile.Rd:15: Lost braces; missing escapes or markup?
15 | \code{saveFile} Saves a csv report with the following columns: Convex Hull Area, Convex Hull Centroid X, Convex Hull Centroid Y, Sample Size, Ichen, Iscaled, pvalue , Mean, MeanScaled, STD DEV, SDScaled, Q_{1\%}, Q_{1\%Scaled}, $Q_{99\%}, Q_{99\%Scaled}, Max, Max_{Scaled}, Min, Min_{Scaled}, Skew,Skew_Scaled, Kutorsis,Kutorsis_Scaled.
| ^
checkRd: (-1) saveFile.Rd:15: Lost braces; missing escapes or markup?
15 | \code{saveFile} Saves a csv report with the following columns: Convex Hull Area, Convex Hull Centroid X, Convex Hull Centroid Y, Sample Size, Ichen, Iscaled, pvalue , Mean, MeanScaled, STD DEV, SDScaled, Q_{1\%}, Q_{1\%Scaled}, $Q_{99\%}, Q_{99\%Scaled}, Max, Max_{Scaled}, Min, Min_{Scaled}, Skew,Skew_Scaled, Kutorsis,Kutorsis_Scaled.
| ^
checkRd: (-1) saveFile.Rd:15: Lost braces; missing escapes or markup?
15 | \code{saveFile} Saves a csv report with the following columns: Convex Hull Area, Convex Hull Centroid X, Convex Hull Centroid Y, Sample Size, Ichen, Iscaled, pvalue , Mean, MeanScaled, STD DEV, SDScaled, Q_{1\%}, Q_{1\%Scaled}, $Q_{99\%}, Q_{99\%Scaled}, Max, Max_{Scaled}, Min, Min_{Scaled}, Skew,Skew_Scaled, Kutorsis,Kutorsis_Scaled.
| ^
checkRd: (-1) saveFile.Rd:15: Lost braces; missing escapes or markup?
15 | \code{saveFile} Saves a csv report with the following columns: Convex Hull Area, Convex Hull Centroid X, Convex Hull Centroid Y, Sample Size, Ichen, Iscaled, pvalue , Mean, MeanScaled, STD DEV, SDScaled, Q_{1\%}, Q_{1\%Scaled}, $Q_{99\%}, Q_{99\%Scaled}, Max, Max_{Scaled}, Min, Min_{Scaled}, Skew,Skew_Scaled, Kutorsis,Kutorsis_Scaled.
| ^
Flavors: r-devel-linux-x86_64-debian-clang, r-devel-linux-x86_64-debian-gcc, r-devel-linux-x86_64-fedora-clang, r-devel-linux-x86_64-fedora-gcc, r-devel-windows-x86_64, r-patched-linux-x86_64, r-release-linux-x86_64, r-release-macos-arm64, r-release-windows-x86_64
Version: 2.3.0
Check: LazyData
Result: NOTE
'LazyData' is specified without a 'data' directory
Flavors: r-devel-linux-x86_64-debian-clang, r-devel-linux-x86_64-debian-gcc, r-devel-linux-x86_64-fedora-clang, r-devel-linux-x86_64-fedora-gcc, r-devel-windows-x86_64, r-patched-linux-x86_64, r-release-linux-x86_64, r-release-macos-arm64, r-release-windows-x86_64, r-oldrel-macos-arm64, r-oldrel-macos-x86_64, r-oldrel-windows-x86_64