Last updated on 2025-10-22 01:51:28 CEST.
Flavor | Version | Tinstall | Tcheck | Ttotal | Status | Flags |
---|---|---|---|---|---|---|
r-devel-linux-x86_64-debian-clang | 0.3.0 | 2.03 | 32.20 | 34.23 | NOTE | |
r-devel-linux-x86_64-debian-gcc | 0.3.0 | 1.90 | 24.25 | 26.15 | NOTE | |
r-devel-linux-x86_64-fedora-clang | 0.3.0 | 47.86 | OK | |||
r-devel-linux-x86_64-fedora-gcc | 0.3.0 | 47.02 | OK | |||
r-devel-windows-x86_64 | 0.3.0 | 5.00 | 51.00 | 56.00 | OK | |
r-patched-linux-x86_64 | 0.3.0 | 3.06 | 29.20 | 32.26 | OK | |
r-release-linux-x86_64 | 0.3.0 | 2.19 | 29.10 | 31.29 | OK | |
r-release-macos-arm64 | 0.3.0 | 2.00 | 20.00 | 22.00 | OK | |
r-release-macos-x86_64 | 0.3.0 | 3.00 | 31.00 | 34.00 | OK | |
r-release-windows-x86_64 | 0.3.0 | 4.00 | 53.00 | 57.00 | OK | |
r-oldrel-macos-arm64 | 0.3.0 | 2.00 | 18.00 | 20.00 | OK | |
r-oldrel-macos-x86_64 | 0.3.0 | 2.00 | 27.00 | 29.00 | OK | |
r-oldrel-windows-x86_64 | 0.3.0 | 6.00 | 58.00 | 64.00 | OK |
Version: 0.3.0
Check: HTML version of manual
Result: NOTE
Found the following HTML validation problems:
new_transition_function.html:50:1 (new_transition_function.Rd:14): Warning: missing </ul> before </div>
print.predictor_spec.html:51:1 (print.predictor_spec.Rd:12): Warning: missing </ul> before </div>
print.transition.html:51:1 (print.transition.Rd:12): Warning: missing </ul> before </div>
snow_cover_fun.html:54:1 (snow_cover_fun.Rd:14): Warning: missing </ul> before </div>
Flavors: r-devel-linux-x86_64-debian-clang, r-devel-linux-x86_64-debian-gcc