Last updated on 2025-11-12 02:52:59 CET.
| Flavor | Version | Tinstall | Tcheck | Ttotal | Status | Flags |
|---|---|---|---|---|---|---|
| r-devel-linux-x86_64-debian-clang | 3.6.9 | 16.43 | 125.45 | 141.88 | NOTE | |
| r-devel-linux-x86_64-debian-gcc | 3.6.9 | 10.83 | 85.83 | 96.66 | NOTE | |
| r-devel-linux-x86_64-fedora-clang | 3.6.9 | 62.00 | 169.10 | 231.10 | OK | |
| r-devel-linux-x86_64-fedora-gcc | 3.6.9 | 84.00 | 136.11 | 220.11 | OK | |
| r-devel-windows-x86_64 | 3.6.9 | 16.00 | 116.00 | 132.00 | OK | |
| r-patched-linux-x86_64 | 3.6.9 | 14.16 | 117.87 | 132.03 | OK | |
| r-release-linux-x86_64 | 3.6.9 | 14.07 | 115.06 | 129.13 | OK | |
| r-release-macos-arm64 | 3.6.9 | 7.00 | 45.00 | 52.00 | OK | |
| r-release-macos-x86_64 | 3.6.9 | 12.00 | 82.00 | 94.00 | OK | |
| r-release-windows-x86_64 | 3.6.9 | 16.00 | 111.00 | 127.00 | OK | |
| r-oldrel-macos-arm64 | 3.6.9 | 6.00 | 49.00 | 55.00 | OK | |
| r-oldrel-macos-x86_64 | 3.6.9 | 9.00 | 76.00 | 85.00 | OK | |
| r-oldrel-windows-x86_64 | 3.6.9 | 22.00 | 156.00 | 178.00 | OK |
Version: 3.6.9
Check: CRAN incoming feasibility
Result: NOTE
Maintainer: ‘Hengrui Cai <hcai5@ncsu.edu>’
No Authors@R field in DESCRIPTION.
Please add one, modifying
Authors@R: c(person(given = "Hengrui",
family = "Cai",
role = c("aut", "cre"),
email = "hcai5@ncsu.edu"),
person(given = "Chengchun",
family = "shi",
role = "aut",
email = "cshi4@ncsu.edu"),
person(given = "Rui",
family = "Song",
role = "aut",
email = "rsong@ncsu.edu"),
person(given = "Wenbin",
family = "Lu",
role = "aut",
email = "wlu4@ncsu.edu"))
as necessary.
Flavors: r-devel-linux-x86_64-debian-clang, r-devel-linux-x86_64-debian-gcc