Last updated on 2025-05-04 02:50:09 CEST.
Flavor | Version | Tinstall | Tcheck | Ttotal | Status | Flags |
---|---|---|---|---|---|---|
r-devel-linux-x86_64-debian-clang | 1.0.1 | 177.81 | 156.50 | 334.31 | NOTE | |
r-devel-linux-x86_64-debian-gcc | 1.0.1 | 122.47 | 125.56 | 248.03 | NOTE | |
r-devel-linux-x86_64-fedora-clang | 1.0.1 | 655.57 | OK | |||
r-devel-linux-x86_64-fedora-gcc | 1.0.1 | 661.11 | OK | |||
r-devel-windows-x86_64 | 1.0.1 | 195.00 | 206.00 | 401.00 | NOTE | |
r-patched-linux-x86_64 | 1.0.1 | 165.73 | 159.02 | 324.75 | NOTE | |
r-release-linux-x86_64 | NOTE | |||||
r-release-macos-arm64 | 1.0.1 | 147.00 | OK | |||
r-release-macos-x86_64 | 1.0.1 | 280.00 | OK | |||
r-release-windows-x86_64 | 1.0.1 | 191.00 | 212.00 | 403.00 | NOTE | |
r-oldrel-macos-arm64 | 1.0.1 | 146.00 | NOTE | |||
r-oldrel-macos-x86_64 | 1.0.1 | 210.00 | NOTE | |||
r-oldrel-windows-x86_64 | 1.0.1 | 218.00 | 244.00 | 462.00 | OK |
Version: 1.0.1
Check: CRAN incoming feasibility
Result: NOTE
Maintainer: ‘Cong Xu <helenxu1112@gmail.com>’
No Authors@R field in DESCRIPTION.
Please add one, modifying
Authors@R: c(person(given = "Cong",
family = "Xu",
role = c("aut", "cre"),
email = "helenxu1112@gmail.com"),
person(given = c("Pantelis", "Z."),
family = "Hadjipantelis",
role = "aut"),
person(given = "Jane-Ling",
family = "Wang",
role = "aut"))
as necessary.
Flavors: r-devel-linux-x86_64-debian-clang, r-devel-linux-x86_64-debian-gcc
Version: 1.0.1
Check: Rd cross-references
Result: NOTE
Found the following Rd file(s) with Rd \link{} targets missing package
anchors:
jmodelMult.Rd: lme, coxph, Surv
jmodelTM.Rd: lme, coxph, Surv
Please provide package anchors for all Rd \link{} targets not in the
package itself and the base packages.
Flavors: r-devel-linux-x86_64-debian-clang, r-devel-linux-x86_64-debian-gcc, r-devel-windows-x86_64, r-patched-linux-x86_64, r-release-linux-x86_64, r-release-windows-x86_64
Version: 1.0.1
Check: installed package size
Result: NOTE
installed size is 22.5Mb
sub-directories of 1Mb or more:
libs 22.0Mb
Flavors: r-oldrel-macos-arm64, r-oldrel-macos-x86_64