Last updated on 2025-05-04 02:50:09 CEST.
Flavor | Version | Tinstall | Tcheck | Ttotal | Status | Flags |
---|---|---|---|---|---|---|
r-devel-linux-x86_64-debian-clang | 1.0.1 | 17.43 | 23.34 | 40.77 | NOTE | |
r-devel-linux-x86_64-debian-gcc | 1.0.1 | 12.72 | 19.26 | 31.98 | NOTE | |
r-devel-linux-x86_64-fedora-clang | 1.0.1 | 81.86 | OK | |||
r-devel-linux-x86_64-fedora-gcc | 1.0.1 | 74.51 | OK | |||
r-devel-windows-x86_64 | 1.0.1 | 23.00 | 70.00 | 93.00 | OK | |
r-patched-linux-x86_64 | 1.0.1 | 16.01 | 22.49 | 38.50 | OK | |
r-release-linux-x86_64 | OK | |||||
r-release-macos-arm64 | 1.0.1 | 24.00 | OK | |||
r-release-macos-x86_64 | 1.0.1 | 45.00 | OK | |||
r-release-windows-x86_64 | 1.0.1 | 23.00 | 59.00 | 82.00 | OK | |
r-oldrel-macos-arm64 | 1.0.1 | 24.00 | OK | |||
r-oldrel-macos-x86_64 | 1.0.1 | 35.00 | OK | |||
r-oldrel-windows-x86_64 | 1.0.1 | 26.00 | 67.00 | 93.00 | OK |
Version: 1.0.1
Check: CRAN incoming feasibility
Result: NOTE
Maintainer: ‘Yan Li <yanli_@jlu.edu.cn>’
The Description field contains
<https://www.biorxiv.org/content/10.1101/2023.02.13.528417v2>].
Please use permanent DOI markup for linking to publications as in <doi:prefix/suffix>.
Flavors: r-devel-linux-x86_64-debian-clang, r-devel-linux-x86_64-debian-gcc