Last updated on 2025-05-09 01:50:08 CEST.
Flavor | Version | Tinstall | Tcheck | Ttotal | Status | Flags |
---|---|---|---|---|---|---|
r-devel-linux-x86_64-debian-clang | 1.0.6 | 16.64 | 152.38 | 169.02 | NOTE | |
r-devel-linux-x86_64-debian-gcc | 1.0.6 | 10.41 | 107.08 | 117.49 | NOTE | |
r-devel-linux-x86_64-fedora-clang | 1.0.6 | 260.56 | NOTE | |||
r-devel-linux-x86_64-fedora-gcc | 1.0.6 | 318.97 | NOTE | |||
r-devel-windows-x86_64 | 1.0.6 | 19.00 | 165.00 | 184.00 | NOTE | |
r-patched-linux-x86_64 | 1.0.6 | 16.40 | 143.41 | 159.81 | NOTE | |
r-release-linux-x86_64 | 1.0.6 | 15.38 | 143.88 | 159.26 | NOTE | |
r-release-macos-arm64 | 1.0.6 | 119.00 | NOTE | |||
r-release-macos-x86_64 | 1.0.6 | 213.00 | NOTE | |||
r-release-windows-x86_64 | 1.0.6 | 19.00 | 160.00 | 179.00 | NOTE | |
r-oldrel-macos-arm64 | 1.0.6 | 82.00 | OK | |||
r-oldrel-macos-x86_64 | 1.0.6 | 170.00 | OK | |||
r-oldrel-windows-x86_64 | 1.0.6 | 23.00 | 204.00 | 227.00 | OK |
Version: 1.0.6
Check: DESCRIPTION meta-information
Result: NOTE
Missing dependency on R >= 4.1.0 because package code uses the pipe
|> or function shorthand \(...) syntax added in R 4.1.0.
File(s) using such syntax:
‘helpfunctions_melt.R’
Flavors: r-devel-linux-x86_64-debian-clang, r-devel-linux-x86_64-debian-gcc, r-devel-linux-x86_64-fedora-clang, r-devel-linux-x86_64-fedora-gcc, r-devel-windows-x86_64, r-patched-linux-x86_64, r-release-linux-x86_64, r-release-macos-arm64, r-release-macos-x86_64, r-release-windows-x86_64