CRAN Package Check Results for Package Kendall

Last updated on 2025-02-10 02:49:55 CET.

Flavor Version Tinstall Tcheck Ttotal Status Flags
r-devel-linux-x86_64-debian-clang 2.2.1 2.49 21.46 23.95 NOTE
r-devel-linux-x86_64-debian-gcc 2.2.1 1.94 18.46 20.40 NOTE
r-devel-linux-x86_64-fedora-clang 2.2.1 38.82 NOTE
r-devel-linux-x86_64-fedora-gcc 2.2.1 38.19 NOTE
r-devel-windows-x86_64 2.2.1 5.00 48.00 53.00 NOTE
r-patched-linux-x86_64 2.2.1 2.45 21.48 23.93 OK
r-release-linux-x86_64 2.2.1 2.17 21.96 24.13 OK
r-release-macos-arm64 2.2.1 20.00 OK
r-release-macos-x86_64 2.2.1 25.00 OK
r-release-windows-x86_64 2.2.1 5.00 48.00 53.00 OK
r-oldrel-macos-arm64 2.2.1 20.00 OK
r-oldrel-macos-x86_64 2.2.1 24.00 OK
r-oldrel-windows-x86_64 2.2.1 5.00 49.00 54.00 OK

Check Details

Version: 2.2.1
Check: Rd cross-references
Result: NOTE Found the following Rd file(s) with Rd \link{} targets missing package anchors: MannKendall.Rd: tsboot Please provide package anchors for all Rd \link{} targets not in the package itself and the base packages. Flavors: r-devel-linux-x86_64-debian-clang, r-devel-linux-x86_64-debian-gcc, r-devel-windows-x86_64

Version: 2.2.1
Check: compiled code
Result: NOTE File ‘Kendall/libs/Kendall.so’: Found no calls to: ‘R_registerRoutines’, ‘R_useDynamicSymbols’ It is good practice to register native routines and to disable symbol search. See ‘Writing portable packages’ in the ‘Writing R Extensions’ manual. Flavors: r-devel-linux-x86_64-fedora-clang, r-devel-linux-x86_64-fedora-gcc