Last updated on 2025-10-26 01:49:53 CEST.
| Flavor | Version | Tinstall | Tcheck | Ttotal | Status | Flags |
|---|---|---|---|---|---|---|
| r-devel-linux-x86_64-debian-clang | 1.4 | 2.59 | 24.79 | 27.38 | NOTE | |
| r-devel-linux-x86_64-debian-gcc | 1.4 | 1.99 | 19.70 | 21.69 | NOTE | |
| r-devel-linux-x86_64-fedora-clang | 1.4 | 40.29 | OK | |||
| r-devel-linux-x86_64-fedora-gcc | 1.4 | 36.91 | OK | |||
| r-devel-windows-x86_64 | 1.4 | 3.00 | 42.00 | 45.00 | OK | |
| r-patched-linux-x86_64 | 1.4 | 2.94 | 22.92 | 25.86 | OK | |
| r-release-linux-x86_64 | 1.4 | 2.40 | 23.11 | 25.51 | OK | |
| r-release-macos-arm64 | 1.4 | 1.00 | 16.00 | 17.00 | OK | |
| r-release-macos-x86_64 | 1.4 | 3.00 | 25.00 | 28.00 | OK | |
| r-release-windows-x86_64 | 1.4 | 3.00 | 45.00 | 48.00 | OK | |
| r-oldrel-macos-arm64 | 1.4 | 1.00 | 21.00 | 22.00 | OK | |
| r-oldrel-macos-x86_64 | 1.4 | 4.00 | 25.00 | 29.00 | OK | |
| r-oldrel-windows-x86_64 | 1.4 | 4.00 | 45.00 | 49.00 | OK |
Version: 1.4
Check: CRAN incoming feasibility
Result: NOTE
Maintainer: ‘Weihua An <weihuaan@indiana.edu>’
No Authors@R field in DESCRIPTION.
Please add one, modifying
Authors@R: c(person(given = "Weihua",
family = "An",
role = c("aut", "cre"),
email = "weihuaan@indiana.edu"),
person(given = "Xuefu",
family = "Wang",
role = "aut"),
person(given = c("Indiana", "University"),
family = "Bloomington",
role = "aut"))
as necessary.
Flavors: r-devel-linux-x86_64-debian-clang, r-devel-linux-x86_64-debian-gcc