CRAN Package Check Results for Package LMN

Last updated on 2025-01-13 01:49:52 CET.

Flavor Version Tinstall Tcheck Ttotal Status Flags
r-devel-linux-x86_64-debian-clang 1.1.3 31.50 60.21 91.71 OK
r-devel-linux-x86_64-debian-gcc 1.1.3 26.18 44.88 71.06 OK
r-devel-linux-x86_64-fedora-clang 1.1.3 169.79 OK
r-devel-linux-x86_64-fedora-gcc 1.1.3 190.45 OK
r-devel-windows-x86_64 1.1.3 38.00 94.00 132.00 OK
r-patched-linux-x86_64 1.1.3 34.58 59.90 94.48 OK
r-release-linux-x86_64 1.1.3 34.07 58.69 92.76 OK
r-release-macos-arm64 1.1.3 50.00 NOTE
r-release-macos-x86_64 1.1.3 83.00 NOTE
r-release-windows-x86_64 1.1.3 38.00 94.00 132.00 OK
r-oldrel-macos-arm64 1.1.3 61.00 NOTE
r-oldrel-macos-x86_64 1.1.3 89.00 NOTE
r-oldrel-windows-x86_64 1.1.3 45.00 113.00 158.00 OK

Check Details

Version: 1.1.3
Check: installed package size
Result: NOTE installed size is 8.0Mb sub-directories of 1Mb or more: libs 7.6Mb Flavors: r-release-macos-arm64, r-release-macos-x86_64, r-oldrel-macos-arm64, r-oldrel-macos-x86_64