CRAN Package Check Results for Package LTASR

Last updated on 2025-05-09 01:50:09 CEST.

Flavor Version Tinstall Tcheck Ttotal Status Flags
r-devel-linux-x86_64-debian-clang 0.1.4 7.26 73.02 80.28 NOTE
r-devel-linux-x86_64-debian-gcc 0.1.4 5.39 51.28 56.67 NOTE
r-devel-linux-x86_64-fedora-clang 0.1.4 122.63 NOTE
r-devel-linux-x86_64-fedora-gcc 0.1.4 137.23 NOTE
r-devel-windows-x86_64 0.1.4 8.00 84.00 92.00 NOTE
r-patched-linux-x86_64 0.1.4 7.87 66.67 74.54 NOTE
r-release-linux-x86_64 0.1.4 6.09 66.36 72.45 NOTE
r-release-macos-arm64 0.1.4 45.00 NOTE
r-release-macos-x86_64 0.1.4 105.00 NOTE
r-release-windows-x86_64 0.1.4 10.00 87.00 97.00 NOTE
r-oldrel-macos-arm64 0.1.4 52.00 OK
r-oldrel-macos-x86_64 0.1.4 142.00 OK
r-oldrel-windows-x86_64 0.1.4 12.00 102.00 114.00 OK

Check Details

Version: 0.1.4
Check: DESCRIPTION meta-information
Result: NOTE Missing dependency on R >= 4.1.0 because package code uses the pipe |> or function shorthand \(...) syntax added in R 4.1.0. File(s) using such syntax: ‘smr_custom.R’ ‘smr_major.R’ ‘smr_minor.R’ Flavors: r-devel-linux-x86_64-debian-clang, r-devel-linux-x86_64-debian-gcc, r-devel-linux-x86_64-fedora-clang, r-devel-linux-x86_64-fedora-gcc, r-devel-windows-x86_64, r-patched-linux-x86_64, r-release-linux-x86_64, r-release-macos-arm64, r-release-macos-x86_64, r-release-windows-x86_64