Last updated on 2025-05-02 02:50:59 CEST.
Flavor | Version | Tinstall | Tcheck | Ttotal | Status | Flags |
---|---|---|---|---|---|---|
r-devel-linux-x86_64-debian-clang | 3.0.3 | 13.80 | 99.14 | 112.94 | NOTE | |
r-devel-linux-x86_64-debian-gcc | 3.0.3 | 8.85 | 69.08 | 77.93 | OK | |
r-devel-linux-x86_64-fedora-clang | 3.0.3 | 187.41 | OK | |||
r-devel-linux-x86_64-fedora-gcc | 3.0.3 | 167.69 | OK | |||
r-devel-windows-x86_64 | 3.0.3 | 14.00 | 105.00 | 119.00 | OK | |
r-patched-linux-x86_64 | 3.0.3 | 12.51 | 94.87 | 107.38 | OK | |
r-release-linux-x86_64 | OK | |||||
r-release-macos-arm64 | 3.0.3 | 61.00 | OK | |||
r-release-macos-x86_64 | 3.0.3 | 94.00 | OK | |||
r-release-windows-x86_64 | 3.0.3 | 14.00 | 107.00 | 121.00 | OK | |
r-oldrel-macos-arm64 | 3.0.3 | 49.00 | OK | |||
r-oldrel-macos-x86_64 | 3.0.3 | 81.00 | OK | |||
r-oldrel-windows-x86_64 | 3.0.3 | 16.00 | 128.00 | 144.00 | OK |
Version: 3.0.3
Check: examples
Result: NOTE
Examples with CPU (user + system) or elapsed time > 5s
user system elapsed
predict_lucid 6.219 0.152 7.388
plot 6.223 0.074 7.646
Flavor: r-devel-linux-x86_64-debian-clang