Last updated on 2025-05-09 01:50:08 CEST.
Flavor | Version | Tinstall | Tcheck | Ttotal | Status | Flags |
---|---|---|---|---|---|---|
r-devel-linux-x86_64-debian-clang | 0.1.1 | 5.02 | 34.06 | 39.08 | NOTE | |
r-devel-linux-x86_64-debian-gcc | 0.1.1 | 3.19 | 24.28 | 27.47 | NOTE | |
r-devel-linux-x86_64-fedora-clang | 0.1.1 | 62.65 | OK | |||
r-devel-linux-x86_64-fedora-gcc | 0.1.1 | 62.44 | OK | |||
r-devel-windows-x86_64 | 0.1.1 | 6.00 | 48.00 | 54.00 | OK | |
r-patched-linux-x86_64 | 0.1.1 | 4.27 | 31.79 | 36.06 | OK | |
r-release-linux-x86_64 | 0.1.1 | 4.96 | 31.87 | 36.83 | OK | |
r-release-macos-arm64 | 0.1.1 | 20.00 | OK | |||
r-release-macos-x86_64 | 0.1.1 | 35.00 | OK | |||
r-release-windows-x86_64 | 0.1.1 | 6.00 | 49.00 | 55.00 | OK | |
r-oldrel-macos-arm64 | 0.1.1 | 19.00 | OK | |||
r-oldrel-macos-x86_64 | 0.1.1 | 30.00 | OK | |||
r-oldrel-windows-x86_64 | 0.1.1 | 5.00 | 47.00 | 52.00 | OK |
Version: 0.1.1
Check: CRAN incoming feasibility
Result: NOTE
Maintainer: ‘Brian P. O'Connor <brian.oconnor@ubc.ca>’
No Authors@R field in DESCRIPTION.
Please add one, modifying
Authors@R: c(person(given = c("Zakary", "A.", "Draper", "&", "Brian", "P."),
family = "O'Connor",
role = "aut"),
person(given = c("Brian", "P."),
family = "O'Connor",
role = "cre",
email = "brian.oconnor@ubc.ca"))
as necessary.
Flavors: r-devel-linux-x86_64-debian-clang, r-devel-linux-x86_64-debian-gcc