Last updated on 2025-04-30 02:50:42 CEST.
Flavor | Version | Tinstall | Tcheck | Ttotal | Status | Flags |
---|---|---|---|---|---|---|
r-devel-linux-x86_64-debian-clang | 1.1 | 17.95 | 64.72 | 82.67 | NOTE | |
r-devel-linux-x86_64-debian-gcc | 1.1 | 14.06 | 48.60 | 62.66 | NOTE | |
r-devel-linux-x86_64-fedora-clang | 1.1 | 137.75 | OK | |||
r-devel-linux-x86_64-fedora-gcc | 1.1 | 131.28 | OK | |||
r-devel-windows-x86_64 | 1.1 | 21.00 | 94.00 | 115.00 | OK | |
r-patched-linux-x86_64 | 1.1 | 19.29 | 63.01 | 82.30 | OK | |
r-release-linux-x86_64 | 1.1 | 18.69 | 62.94 | 81.63 | OK | |
r-release-macos-arm64 | 1.1 | 41.00 | OK | |||
r-release-macos-x86_64 | 1.1 | 85.00 | OK | |||
r-release-windows-x86_64 | 1.1 | 21.00 | 93.00 | 114.00 | OK | |
r-oldrel-macos-arm64 | 1.1 | 36.00 | OK | |||
r-oldrel-macos-x86_64 | 1.1 | 55.00 | OK | |||
r-oldrel-windows-x86_64 | 1.1 | 23.00 | 104.00 | 127.00 | OK |
Version: 1.1
Check: examples
Result: NOTE
Examples with CPU (user + system) or elapsed time > 5s
user system elapsed
cvLassoBT 8.038 0.016 10.082
Flavor: r-devel-linux-x86_64-debian-clang
Version: 1.1
Check: examples
Result: NOTE
Examples with CPU (user + system) or elapsed time > 5s
user system elapsed
cvLassoBT 6.068 0.044 7.534
Flavor: r-devel-linux-x86_64-debian-gcc