Last updated on 2024-05-21 02:02:06 CEST.
Flavor | Version | Tinstall | Tcheck | Ttotal | Status | Flags |
---|---|---|---|---|---|---|
r-devel-linux-x86_64-debian-clang | 8.4 | 11.21 | 376.19 | 387.40 | NOTE | |
r-devel-linux-x86_64-debian-gcc | 8.4 | 9.86 | 317.34 | 327.20 | NOTE | |
r-devel-linux-x86_64-fedora-clang | 8.4 | 462.88 | NOTE | |||
r-devel-linux-x86_64-fedora-gcc | 8.4 | 448.82 | NOTE | |||
r-devel-windows-x86_64 | 8.4 | 15.00 | 74.00 | 89.00 | NOTE | --no-examples --no-tests --no-vignettes |
r-patched-linux-x86_64 | 8.4 | 17.05 | 367.72 | 384.77 | NOTE | |
r-release-linux-x86_64 | 8.4 | 11.63 | 356.59 | 368.22 | NOTE | |
r-release-macos-arm64 | 8.4 | 168.00 | NOTE | |||
r-release-windows-x86_64 | 8.4 | 15.00 | 74.00 | 89.00 | NOTE | --no-examples --no-tests --no-vignettes |
r-oldrel-macos-arm64 | 8.4 | 223.00 | NOTE | |||
r-oldrel-macos-x86_64 | 8.4 | 330.00 | NOTE | |||
r-oldrel-windows-x86_64 | 8.4 | 18.00 | 70.00 | 88.00 | NOTE | --no-examples --no-tests --no-vignettes |
Version: 8.4
Check: Rd files
Result: NOTE
checkRd: (-1) LKrig.MLE.Rd:114: Escaped LaTeX specials: \$ \$
checkRd: (-1) LKrig.MLE.Rd:115: Escaped LaTeX specials: \$
checkRd: (-1) VignetteExamples.Rd:25: Lost braces; missing escapes or markup?
25 | See Section 4 in the {LatticeKrig Vignette} for the use of these data.
| ^
Flavors: r-devel-linux-x86_64-debian-clang, r-devel-linux-x86_64-debian-gcc, r-devel-linux-x86_64-fedora-clang, r-devel-linux-x86_64-fedora-gcc, r-patched-linux-x86_64, r-release-linux-x86_64, r-release-macos-arm64
Version: 8.4
Flags: --no-examples --no-tests --no-vignettes
Check: Rd files
Result: NOTE
checkRd: (-1) LKrig.MLE.Rd:114: Escaped LaTeX specials: \$ \$
checkRd: (-1) LKrig.MLE.Rd:115: Escaped LaTeX specials: \$
checkRd: (-1) VignetteExamples.Rd:25: Lost braces; missing escapes or markup?
25 | See Section 4 in the {LatticeKrig Vignette} for the use of these data.
| ^
Flavors: r-devel-windows-x86_64, r-release-windows-x86_64
Version: 8.4
Check: Rd files
Result: NOTE
checkRd: (-1) LKrig.MLE.Rd:114: Escaped LaTeX specials: \$ \$
checkRd: (-1) LKrig.MLE.Rd:115: Escaped LaTeX specials: \$
Flavors: r-oldrel-macos-arm64, r-oldrel-macos-x86_64
Version: 8.4
Flags: --no-examples --no-tests --no-vignettes
Check: Rd files
Result: NOTE
checkRd: (-1) LKrig.MLE.Rd:114: Escaped LaTeX specials: \$ \$
checkRd: (-1) LKrig.MLE.Rd:115: Escaped LaTeX specials: \$
Flavor: r-oldrel-windows-x86_64