Last updated on 2025-05-09 01:50:09 CEST.
Flavor | Version | Tinstall | Tcheck | Ttotal | Status | Flags |
---|---|---|---|---|---|---|
r-devel-linux-x86_64-debian-clang | 1.0.0 | 21.65 | 191.52 | 213.17 | NOTE | |
r-devel-linux-x86_64-debian-gcc | 1.0.0 | 17.04 | 149.58 | 166.62 | NOTE | |
r-devel-linux-x86_64-fedora-clang | 1.0.0 | 311.47 | OK | |||
r-devel-linux-x86_64-fedora-gcc | 1.0.0 | 326.66 | OK | |||
r-devel-windows-x86_64 | 1.0.0 | 24.00 | 191.00 | 215.00 | NOTE | |
r-patched-linux-x86_64 | 1.0.0 | 23.09 | 182.08 | 205.17 | NOTE | |
r-release-linux-x86_64 | 1.0.0 | 19.29 | 181.37 | 200.66 | NOTE | |
r-release-macos-arm64 | 1.0.0 | 101.00 | OK | |||
r-release-macos-x86_64 | 1.0.0 | 206.00 | OK | |||
r-release-windows-x86_64 | 1.0.0 | 23.00 | 195.00 | 218.00 | NOTE | |
r-oldrel-macos-arm64 | 1.0.0 | 96.00 | OK | |||
r-oldrel-macos-x86_64 | 1.0.0 | 167.00 | OK | |||
r-oldrel-windows-x86_64 | 1.0.0 | 29.00 | 243.00 | 272.00 | OK |
Version: 1.0.0
Check: Rd cross-references
Result: NOTE
Found the following Rd file(s) with Rd \link{} targets missing package
anchors:
InsuranceContract.ParameterDefaults.Rd: mortalityTable
makeContractGridDimname.Rd: mortalityTable
Please provide package anchors for all Rd \link{} targets not in the
package itself and the base packages.
Flavors: r-devel-linux-x86_64-debian-clang, r-devel-linux-x86_64-debian-gcc, r-devel-windows-x86_64, r-patched-linux-x86_64, r-release-linux-x86_64, r-release-windows-x86_64