Last updated on 2025-10-22 01:51:29 CEST.
Flavor | Version | Tinstall | Tcheck | Ttotal | Status | Flags |
---|---|---|---|---|---|---|
r-devel-linux-x86_64-debian-clang | 0.9 | 5.13 | 44.58 | 49.71 | NOTE | |
r-devel-linux-x86_64-debian-gcc | 0.9 | 3.90 | 32.23 | 36.13 | NOTE | |
r-devel-linux-x86_64-fedora-clang | 0.9 | 14.00 | 62.39 | 76.39 | OK | |
r-devel-linux-x86_64-fedora-gcc | 0.9 | 13.00 | 59.62 | 72.62 | OK | |
r-devel-windows-x86_64 | 0.9 | 7.00 | 60.00 | 67.00 | OK | |
r-patched-linux-x86_64 | 0.9 | 5.55 | 41.92 | 47.47 | OK | |
r-release-linux-x86_64 | 0.9 | 5.53 | 42.16 | 47.69 | OK | |
r-release-macos-arm64 | 0.9 | 3.00 | 27.00 | 30.00 | OK | |
r-release-macos-x86_64 | 0.9 | 7.00 | 45.00 | 52.00 | OK | |
r-release-windows-x86_64 | 0.9 | 7.00 | 64.00 | 71.00 | OK | |
r-oldrel-macos-arm64 | 0.9 | 3.00 | 21.00 | 24.00 | NOTE | |
r-oldrel-macos-x86_64 | 0.9 | 4.00 | 31.00 | 35.00 | NOTE | |
r-oldrel-windows-x86_64 | 0.9 | 12.00 | 73.00 | 85.00 | NOTE |
Version: 0.9
Check: HTML version of manual
Result: NOTE
Found the following HTML validation problems:
bay.exp.html:46:1 (bay.exp.Rd:10): Warning: missing </ul> before </div>
bay.fbm.html:45:1 (bay.fbm.Rd:10): Warning: missing </ul> before </div>
cov.exp.html:45:1 (cov.exp.Rd:10): Warning: missing </ul> before </div>
cov.fbm.html:45:1 (cov.fbm.Rd:10): Warning: missing </ul> before </div>
gam_exp.html:45:1 (gam_exp.Rd:10): Warning: missing </ul> before </div>
gam_fbm.html:45:1 (gam_fbm.Rd:10): Warning: missing </ul> before </div>
logV.exp.html:45:1 (logV.exp.Rd:10): Warning: missing </ul> before </div>
logV.fbm.html:45:1 (logV.fbm.Rd:10): Warning: missing </ul> before </div>
opti.FBM.html:45:1 (opti.FBM.Rd:10): Warning: missing </ul> before </div>
opti.FBMreem.html:45:1 (opti.FBMreem.Rd:10): Warning: missing </ul> before </div>
opti.exp.html:45:1 (opti.exp.Rd:10): Warning: missing </ul> before </div>
sig.exp.html:45:1 (sig.exp.Rd:10): Warning: missing </ul> before </div>
sig.fbm.html:45:1 (sig.fbm.Rd:10): Warning: missing </ul> before </div>
Flavors: r-devel-linux-x86_64-debian-clang, r-devel-linux-x86_64-debian-gcc
Version: 0.9
Check: LazyData
Result: NOTE
'LazyData' is specified without a 'data' directory
Flavors: r-oldrel-macos-arm64, r-oldrel-macos-x86_64, r-oldrel-windows-x86_64