Last updated on 2025-11-28 02:50:37 CET.
| Flavor | Version | Tinstall | Tcheck | Ttotal | Status | Flags |
|---|---|---|---|---|---|---|
| r-devel-linux-x86_64-debian-clang | 0.1.0 | 1.65 | 26.38 | 28.03 | NOTE | |
| r-devel-linux-x86_64-debian-gcc | 0.1.0 | 1.41 | 20.37 | 21.78 | NOTE | |
| r-devel-linux-x86_64-fedora-clang | 0.1.0 | 43.90 | NOTE | |||
| r-devel-linux-x86_64-fedora-gcc | 0.1.0 | 43.36 | NOTE | |||
| r-devel-windows-x86_64 | 0.1.0 | 3.00 | 49.00 | 52.00 | OK | |
| r-patched-linux-x86_64 | 0.1.0 | 1.50 | 25.26 | 26.76 | OK | |
| r-release-linux-x86_64 | 0.1.0 | 1.65 | 25.36 | 27.01 | OK | |
| r-release-macos-arm64 | 0.1.0 | OK | ||||
| r-release-macos-x86_64 | 0.1.0 | 2.00 | 28.00 | 30.00 | OK | |
| r-release-windows-x86_64 | 0.1.0 | 3.00 | 47.00 | 50.00 | OK | |
| r-oldrel-macos-arm64 | 0.1.0 | OK | ||||
| r-oldrel-macos-x86_64 | 0.1.0 | 1.00 | 30.00 | 31.00 | OK | |
| r-oldrel-windows-x86_64 | 0.1.0 | 2.00 | 55.00 | 57.00 | OK |
Version: 0.1.0
Check: CRAN incoming feasibility
Result: NOTE
Maintainer: ‘Rong Li <rong_li@ruc.edu.cn>’
No Authors@R field in DESCRIPTION.
Please add one, modifying
Authors@R: c(person(given = "Mingcong",
family = "Wu",
role = "aut"),
person(given = "Yang",
family = "Li",
role = "aut"),
person(given = "Rong",
family = "Li",
role = c("aut", "cre"),
email = "rong_li@ruc.edu.cn"))
as necessary.
Flavors: r-devel-linux-x86_64-debian-clang, r-devel-linux-x86_64-debian-gcc
Version: 0.1.0
Check: dependencies in R code
Result: NOTE
Namespace in Imports field not imported from: ‘base’
All declared Imports should be used.
Flavors: r-devel-linux-x86_64-fedora-clang, r-devel-linux-x86_64-fedora-gcc