Last updated on 2025-05-02 01:52:02 CEST.
Flavor | Version | Tinstall | Tcheck | Ttotal | Status | Flags |
---|---|---|---|---|---|---|
r-devel-linux-x86_64-debian-clang | 1.0.0 | 119.27 | 99.26 | 218.53 | NOTE | |
r-devel-linux-x86_64-debian-gcc | 1.0.0 | 79.88 | 75.31 | 155.19 | OK | |
r-devel-linux-x86_64-fedora-clang | 1.0.0 | 389.77 | OK | |||
r-devel-linux-x86_64-fedora-gcc | 1.0.0 | 382.74 | OK | |||
r-devel-windows-x86_64 | 1.0.0 | 132.00 | 129.00 | 261.00 | OK | |
r-patched-linux-x86_64 | 1.0.0 | 116.87 | 100.13 | 217.00 | OK | |
r-release-linux-x86_64 | OK | |||||
r-release-macos-arm64 | 1.0.0 | 124.00 | OK | |||
r-release-macos-x86_64 | 1.0.0 | 148.00 | OK | |||
r-release-windows-x86_64 | 1.0.0 | 130.00 | 128.00 | 258.00 | OK | |
r-oldrel-macos-arm64 | 1.0.0 | 94.00 | NOTE | |||
r-oldrel-macos-x86_64 | 1.0.0 | 175.00 | NOTE | |||
r-oldrel-windows-x86_64 | 1.0.0 | 148.00 | 169.00 | 317.00 | OK |
Version: 1.0.0
Check: examples
Result: NOTE
Examples with CPU (user + system) or elapsed time > 5s
user system elapsed
cv_MADMMplasso 3.947 0.125 5.094
Flavor: r-devel-linux-x86_64-debian-clang
Version: 1.0.0
Check: installed package size
Result: NOTE
installed size is 7.4Mb
sub-directories of 1Mb or more:
libs 7.2Mb
Flavors: r-oldrel-macos-arm64, r-oldrel-macos-x86_64