CRAN Package Check Results for Package MASS

Last updated on 2025-05-19 01:49:58 CEST.

Flavor Version Tinstall Tcheck Ttotal Status Flags
r-devel-linux-x86_64-debian-clang 7.3-65 13.03 93.40 106.43 OK
r-devel-linux-x86_64-debian-gcc 7.3-65 8.05 65.00 73.05 OK
r-devel-linux-x86_64-fedora-clang 7.3-65 163.69 OK
r-devel-linux-x86_64-fedora-gcc 7.3-65 156.88 OK
r-devel-windows-x86_64 7.3-65 18.00 141.00 159.00 OK
r-patched-linux-x86_64 7.3-65 14.71 87.02 101.73 OK
r-release-linux-x86_64 7.3-65 17.94 87.95 105.89 OK
r-release-macos-arm64 7.3-65 50.00 OK
r-release-macos-x86_64 7.3-65 90.00 OK
r-release-windows-x86_64 7.3-65 2.00 5.00 7.00 ERROR
r-oldrel-macos-arm64 7.3-65 69.00 OK
r-oldrel-macos-x86_64 7.3-65 122.00 OK
r-oldrel-windows-x86_64 7.3-65 19.00 167.00 186.00 OK

Check Details

Version: 7.3-65
Check: whether package can be installed
Result: ERROR Installation failed. Flavor: r-release-windows-x86_64