Last updated on 2025-05-07 01:50:02 CEST.
Flavor | Version | Tinstall | Tcheck | Ttotal | Status | Flags |
---|---|---|---|---|---|---|
r-devel-linux-x86_64-debian-clang | 1.3.7 | 28.41 | 166.50 | 194.91 | NOTE | |
r-devel-linux-x86_64-debian-gcc | 1.3.7 | 21.11 | 118.36 | 139.47 | NOTE | |
r-devel-linux-x86_64-fedora-clang | 1.3.7 | 308.83 | NOTE | |||
r-devel-linux-x86_64-fedora-gcc | 1.3.7 | 327.48 | NOTE | |||
r-devel-windows-x86_64 | 1.3.7 | 34.00 | 221.00 | 255.00 | OK | |
r-patched-linux-x86_64 | 1.3.7 | 30.13 | 159.27 | 189.40 | NOTE | |
r-release-linux-x86_64 | 1.3.7 | 31.97 | 159.69 | 191.66 | NOTE | |
r-release-macos-arm64 | 1.3.7 | 112.00 | OK | |||
r-release-macos-x86_64 | 1.3.7 | 243.00 | OK | |||
r-release-windows-x86_64 | 1.3.7 | 34.00 | 223.00 | 257.00 | OK | |
r-oldrel-macos-arm64 | 1.3.7 | 109.00 | OK | |||
r-oldrel-macos-x86_64 | 1.3.7 | 227.00 | OK | |||
r-oldrel-windows-x86_64 | 1.3.7 | 45.00 | 307.00 | 352.00 | OK |
Version: 1.3.7
Check: CRAN incoming feasibility
Result: NOTE
Maintainer: ‘Won-Min Song <wonmin1984@gmail.com>’
No Authors@R field in DESCRIPTION.
Please add one, modifying
Authors@R: c(person(given = "Won-Min",
family = "Song",
role = c("aut", "cre"),
email = "wonmin1984@gmail.com"),
person(given = "Bin",
family = "Zhang",
role = "aut"))
as necessary.
Flavors: r-devel-linux-x86_64-debian-clang, r-devel-linux-x86_64-debian-gcc
Version: 1.3.7
Check: for non-standard things in the check directory
Result: NOTE
Found the following files/directories:
‘Data_Correlation.txt’ ‘correlation_FDR_table.txt’
Flavors: r-devel-linux-x86_64-debian-clang, r-devel-linux-x86_64-debian-gcc, r-devel-linux-x86_64-fedora-clang, r-devel-linux-x86_64-fedora-gcc, r-patched-linux-x86_64, r-release-linux-x86_64