CRAN Package Check Results for Package MFPCA

Last updated on 2025-05-01 01:49:37 CEST.

Flavor Version Tinstall Tcheck Ttotal Status Flags
r-devel-linux-x86_64-debian-clang 1.3-10 12.11 203.76 215.87 NOTE
r-devel-linux-x86_64-debian-gcc 1.3-10 9.31 145.07 154.38 NOTE
r-devel-linux-x86_64-fedora-clang 1.3-10 342.55 OK
r-devel-linux-x86_64-fedora-gcc 1.3-10 342.49 OK
r-devel-windows-x86_64 1.3-10 14.00 210.00 224.00 NOTE
r-patched-linux-x86_64 1.3-10 13.10 200.32 213.42 NOTE
r-release-linux-x86_64 1.3-10 11.16 198.00 209.16 NOTE
r-release-macos-arm64 1.3-10 139.00 OK
r-release-macos-x86_64 1.3-10 258.00 OK
r-release-windows-x86_64 1.3-10 15.00 210.00 225.00 NOTE
r-oldrel-macos-arm64 1.3-10 125.00 OK
r-oldrel-macos-x86_64 1.3-10 188.00 OK
r-oldrel-windows-x86_64 1.3-10 16.00 277.00 293.00 OK

Check Details

Version: 1.3-10
Check: CRAN incoming feasibility
Result: NOTE Maintainer: ‘Clara Happ-Kurz <chk_R@gmx.de>’ Package CITATION file contains call(s) to old-style citEntry(). Please use bibentry() instead. Flavors: r-devel-linux-x86_64-debian-clang, r-devel-linux-x86_64-debian-gcc

Version: 1.3-10
Check: Rd cross-references
Result: NOTE Found the following Rd file(s) with Rd \link{} targets missing package anchors: splineFunction1D.Rd: gam splineFunction2D.Rd: gam univExpansion.Rd: funData-class Please provide package anchors for all Rd \link{} targets not in the package itself and the base packages. Flavors: r-devel-linux-x86_64-debian-clang, r-devel-linux-x86_64-debian-gcc, r-devel-windows-x86_64, r-patched-linux-x86_64, r-release-linux-x86_64, r-release-windows-x86_64

Version: 1.3-10
Check: examples
Result: NOTE Examples with CPU (user + system) or elapsed time > 5s user system elapsed univDecomp 5.399 0.031 7.092 Flavor: r-devel-linux-x86_64-debian-clang