Last updated on 2025-05-17 01:51:10 CEST.
Flavor | Version | Tinstall | Tcheck | Ttotal | Status | Flags |
---|---|---|---|---|---|---|
r-devel-linux-x86_64-debian-clang | 2.0 | 4.92 | 45.22 | 50.14 | NOTE | |
r-devel-linux-x86_64-debian-gcc | 2.0 | 3.16 | 30.58 | 33.74 | NOTE | |
r-devel-linux-x86_64-fedora-clang | 2.0 | 81.23 | OK | |||
r-devel-linux-x86_64-fedora-gcc | 2.0 | 80.53 | OK | |||
r-devel-windows-x86_64 | 2.0 | 5.00 | 64.00 | 69.00 | OK | |
r-patched-linux-x86_64 | 2.0 | 4.38 | 42.78 | 47.16 | OK | |
r-release-linux-x86_64 | 2.0 | 4.21 | 43.48 | 47.69 | OK | |
r-release-macos-arm64 | 2.0 | 26.00 | OK | |||
r-release-macos-x86_64 | 2.0 | 46.00 | OK | |||
r-release-windows-x86_64 | 2.0 | 5.00 | 65.00 | 70.00 | OK | |
r-oldrel-macos-arm64 | 2.0 | 23.00 | OK | |||
r-oldrel-macos-x86_64 | 2.0 | 37.00 | OK | |||
r-oldrel-windows-x86_64 | 2.0 | 5.00 | 65.00 | 70.00 | OK |
Version: 2.0
Check: CRAN incoming feasibility
Result: NOTE
Maintainer: ‘Michael Messer <messer@math.uni-frankfurt.de>’
No Authors@R field in DESCRIPTION.
Please add one, modifying
Authors@R: c(person(given = "Michael",
family = "Messer",
role = c("aut", "cre"),
email = "messer@math.uni-frankfurt.de"),
person(given = "Stefan",
family = "Albert",
role = "aut"),
person(given = "Solveig",
family = "Plomer",
role = "aut"),
person(given = "Gaby",
family = "Schneider",
role = "aut"))
as necessary.
Flavors: r-devel-linux-x86_64-debian-clang, r-devel-linux-x86_64-debian-gcc