Last updated on 2025-02-11 01:49:13 CET.
Flavor | Version | Tinstall | Tcheck | Ttotal | Status | Flags |
---|---|---|---|---|---|---|
r-devel-linux-x86_64-debian-clang | 1.0.0 | 2.66 | 41.49 | 44.15 | OK | |
r-devel-linux-x86_64-debian-gcc | 1.0.0 | 1.71 | 33.99 | 35.70 | OK | |
r-devel-linux-x86_64-fedora-clang | 1.0.0 | 73.11 | NOTE | |||
r-devel-linux-x86_64-fedora-gcc | 1.0.0 | 87.62 | NOTE | |||
r-devel-windows-x86_64 | 1.0.0 | 3.00 | 67.00 | 70.00 | OK | |
r-patched-linux-x86_64 | 1.0.0 | 2.66 | 39.77 | 42.43 | OK | |
r-release-linux-x86_64 | 1.0.0 | 2.11 | 40.13 | 42.24 | OK | |
r-release-macos-arm64 | 1.0.0 | 45.00 | OK | |||
r-release-macos-x86_64 | 1.0.0 | 53.00 | OK | |||
r-release-windows-x86_64 | 1.0.0 | 4.00 | 68.00 | 72.00 | OK | |
r-oldrel-macos-arm64 | 1.0.0 | 41.00 | OK | |||
r-oldrel-macos-x86_64 | 1.0.0 | 115.00 | OK | |||
r-oldrel-windows-x86_64 | 1.0.0 | 5.00 | 68.00 | 73.00 | OK |
Version: 1.0.0
Check: dependencies in R code
Result: NOTE
Namespaces in Imports field not imported from:
‘R6’ ‘reticulate’
All declared Imports should be used.
Flavors: r-devel-linux-x86_64-fedora-clang, r-devel-linux-x86_64-fedora-gcc