Last updated on 2025-05-06 02:50:24 CEST.
Flavor | Version | Tinstall | Tcheck | Ttotal | Status | Flags |
---|---|---|---|---|---|---|
r-devel-linux-x86_64-debian-clang | 0.11.2 | 3.33 | 65.39 | 68.72 | NOTE | |
r-devel-linux-x86_64-debian-gcc | 0.11.2 | 3.03 | 55.37 | 58.40 | NOTE | |
r-devel-linux-x86_64-fedora-clang | 0.11.2 | 105.68 | OK | |||
r-devel-linux-x86_64-fedora-gcc | 0.11.2 | 97.33 | OK | |||
r-devel-windows-x86_64 | 0.11.2 | 7.00 | 88.00 | 95.00 | OK | |
r-patched-linux-x86_64 | 0.11.2 | 4.91 | 61.53 | 66.44 | OK | |
r-release-linux-x86_64 | 0.11.2 | 3.75 | 62.83 | 66.58 | OK | |
r-release-macos-arm64 | 0.11.2 | 37.00 | OK | |||
r-release-macos-x86_64 | 0.11.2 | 72.00 | OK | |||
r-release-windows-x86_64 | 0.11.2 | 7.00 | 97.00 | 104.00 | OK | |
r-oldrel-macos-arm64 | 0.11.2 | 37.00 | OK | |||
r-oldrel-macos-x86_64 | 0.11.2 | 50.00 | OK | |||
r-oldrel-windows-x86_64 | 0.11.2 | 8.00 | 106.00 | 114.00 | OK |
Version: 0.11.2
Check: CRAN incoming feasibility
Result: NOTE
Maintainer: ‘Qu Tang <tang.q@northeastern.edu>’
Package CITATION file contains call(s) to old-style personList() or
as.personList(). Please use c() on person objects instead.
Package CITATION file contains call(s) to old-style citEntry(). Please
use bibentry() instead.
Flavors: r-devel-linux-x86_64-debian-clang, r-devel-linux-x86_64-debian-gcc