Last updated on 2025-01-13 01:49:53 CET.
Flavor | Version | Tinstall | Tcheck | Ttotal | Status | Flags |
---|---|---|---|---|---|---|
r-devel-linux-x86_64-debian-clang | 0.1.5 | 123.35 | 113.81 | 237.16 | OK | |
r-devel-linux-x86_64-debian-gcc | 0.1.5 | 89.45 | 85.22 | 174.67 | OK | |
r-devel-linux-x86_64-fedora-clang | 0.1.5 | 387.71 | OK | |||
r-devel-linux-x86_64-fedora-gcc | 0.1.5 | 470.24 | OK | |||
r-devel-windows-x86_64 | 0.1.5 | 102.00 | 147.00 | 249.00 | OK | |
r-patched-linux-x86_64 | 0.1.5 | 127.19 | 113.64 | 240.83 | OK | |
r-release-linux-x86_64 | 0.1.5 | 126.41 | 113.77 | 240.18 | OK | |
r-release-macos-arm64 | 0.1.5 | 123.00 | NOTE | |||
r-release-macos-x86_64 | 0.1.5 | 198.00 | NOTE | |||
r-release-windows-x86_64 | 0.1.5 | 106.00 | 147.00 | 253.00 | NOTE | |
r-oldrel-macos-arm64 | 0.1.5 | 122.00 | NOTE | |||
r-oldrel-macos-x86_64 | 0.1.5 | 208.00 | NOTE | |||
r-oldrel-windows-x86_64 | 0.1.5 | 127.00 | 182.00 | 309.00 | NOTE |
Version: 0.1.5
Check: installed package size
Result: NOTE
installed size is 50.2Mb
sub-directories of 1Mb or more:
libs 49.7Mb
Flavors: r-release-macos-arm64, r-release-macos-x86_64, r-release-windows-x86_64, r-oldrel-macos-arm64, r-oldrel-macos-x86_64, r-oldrel-windows-x86_64