CRAN Package Check Results for Package MRCE

Last updated on 2025-11-02 02:50:50 CET.

Flavor Version Tinstall Tcheck Ttotal Status Flags
r-devel-linux-x86_64-debian-clang 2.4 2.27 21.94 24.21 NOTE
r-devel-linux-x86_64-debian-gcc 2.4 1.93 17.78 19.71 NOTE
r-devel-linux-x86_64-fedora-clang 2.4 12.00 26.36 38.36 OK
r-devel-linux-x86_64-fedora-gcc 2.4 36.54 OK
r-devel-windows-x86_64 2.4 6.00 40.00 46.00 OK
r-patched-linux-x86_64 2.4 2.20 20.76 22.96 OK
r-release-linux-x86_64 2.4 2.24 20.67 22.91 OK
r-release-macos-arm64 2.4 3.00 18.00 21.00 OK
r-release-macos-x86_64 2.4 5.00 28.00 33.00 OK
r-release-windows-x86_64 2.4 5.00 40.00 45.00 OK
r-oldrel-macos-arm64 2.4 3.00 14.00 17.00 OK
r-oldrel-macos-x86_64 2.4 3.00 22.00 25.00 OK
r-oldrel-windows-x86_64 2.4 6.00 41.00 47.00 OK

Check Details

Version: 2.4
Check: CRAN incoming feasibility
Result: NOTE Maintainer: ‘Adam J. Rothman <arothman@umn.edu>’ No Authors@R field in DESCRIPTION. Please add one, modifying Authors@R: person(given = c("Adam", "J."), family = "Rothman", role = c("aut", "cre"), email = "arothman@umn.edu") as necessary. Flavors: r-devel-linux-x86_64-debian-clang, r-devel-linux-x86_64-debian-gcc