Last updated on 2025-05-01 01:49:38 CEST.
Flavor | Version | Tinstall | Tcheck | Ttotal | Status | Flags |
---|---|---|---|---|---|---|
r-devel-linux-x86_64-debian-clang | 3.7.3 | 116.03 | 242.23 | 358.26 | NOTE | |
r-devel-linux-x86_64-debian-gcc | 3.7.3 | 75.29 | 145.47 | 220.76 | NOTE | |
r-devel-linux-x86_64-fedora-clang | 3.7.3 | 629.80 | NOTE | |||
r-devel-linux-x86_64-fedora-gcc | 3.7.3 | 643.53 | NOTE | |||
r-devel-windows-x86_64 | 3.7.3 | 122.00 | 241.00 | 363.00 | NOTE | |
r-patched-linux-x86_64 | 3.7.3 | 119.72 | 223.87 | 343.59 | NOTE | |
r-release-linux-x86_64 | 3.7.3 | 108.94 | 221.60 | 330.54 | NOTE | |
r-release-macos-arm64 | 3.7.3 | 121.00 | NOTE | |||
r-release-macos-x86_64 | 3.7.3 | 277.00 | NOTE | |||
r-release-windows-x86_64 | 3.7.3 | 130.00 | 245.00 | 375.00 | NOTE | |
r-oldrel-macos-arm64 | 3.7.3 | 120.00 | NOTE | |||
r-oldrel-macos-x86_64 | 3.7.3 | 215.00 | NOTE | |||
r-oldrel-windows-x86_64 | 3.7.3 | 151.00 | 327.00 | 478.00 | NOTE |
Version: 3.7.3
Check: DESCRIPTION meta-information
Result: NOTE
Missing dependency on R >= 4.1.0 because package code uses the pipe
|> or function shorthand \(...) syntax added in R 4.1.0.
File(s) using such syntax:
‘BAM2OM.R’ ‘SSinternal.R’ ‘spatial_targ_opt.R’
Flavors: r-devel-linux-x86_64-debian-clang, r-devel-linux-x86_64-debian-gcc, r-devel-linux-x86_64-fedora-clang, r-devel-linux-x86_64-fedora-gcc, r-devel-windows-x86_64, r-patched-linux-x86_64, r-release-linux-x86_64, r-release-macos-arm64, r-release-macos-x86_64, r-release-windows-x86_64
Version: 3.7.3
Check: installed package size
Result: NOTE
installed size is 11.4Mb
sub-directories of 1Mb or more:
R 2.0Mb
data 4.5Mb
libs 3.9Mb
Flavors: r-oldrel-macos-arm64, r-oldrel-macos-x86_64, r-oldrel-windows-x86_64