Last updated on 2025-02-17 01:50:32 CET.
Flavor | Version | Tinstall | Tcheck | Ttotal | Status | Flags |
---|---|---|---|---|---|---|
r-devel-linux-x86_64-debian-clang | 1.0.2 | 6.02 | 43.04 | 49.06 | NOTE | |
r-devel-linux-x86_64-debian-gcc | 1.0.2 | 3.74 | 32.05 | 35.79 | NOTE | |
r-devel-linux-x86_64-fedora-clang | 1.0.2 | 76.08 | OK | |||
r-devel-linux-x86_64-fedora-gcc | 1.0.2 | 72.91 | OK | |||
r-devel-macos-arm64 | 1.0.2 | 28.00 | OK | |||
r-devel-macos-x86_64 | 1.0.2 | 54.00 | OK | |||
r-devel-windows-x86_64 | 1.0.2 | 8.00 | 60.00 | 68.00 | NOTE | |
r-patched-linux-x86_64 | 1.0.2 | 11.29 | 40.04 | 51.33 | OK | |
r-release-linux-x86_64 | 1.0.2 | 4.55 | 39.75 | 44.30 | OK | |
r-release-macos-arm64 | 1.0.2 | 27.00 | OK | |||
r-release-macos-x86_64 | 1.0.2 | 37.00 | OK | |||
r-release-windows-x86_64 | 1.0.2 | 9.00 | 60.00 | 69.00 | OK | |
r-oldrel-macos-arm64 | 1.0.2 | 28.00 | OK | |||
r-oldrel-macos-x86_64 | 1.0.2 | 43.00 | OK | |||
r-oldrel-windows-x86_64 | 1.0.2 | 9.00 | 66.00 | 75.00 | OK |
Version: 1.0.2
Check: Rd cross-references
Result: NOTE
Found the following Rd file(s) with Rd \link{} targets missing package
anchors:
plot.MTest.Rd: ggplot
Please provide package anchors for all Rd \link{} targets not in the
package itself and the base packages.
Flavors: r-devel-linux-x86_64-debian-clang, r-devel-linux-x86_64-debian-gcc, r-devel-windows-x86_64