Last updated on 2025-10-30 01:50:08 CET.
| Flavor | Version | Tinstall | Tcheck | Ttotal | Status | Flags | 
|---|---|---|---|---|---|---|
| r-devel-linux-x86_64-debian-clang | 0.1.2 | 1.78 | 20.58 | 22.36 | NOTE | |
| r-devel-linux-x86_64-debian-gcc | 0.1.2 | 1.30 | 16.84 | 18.14 | NOTE | |
| r-devel-linux-x86_64-fedora-clang | 0.1.2 | 32.02 | OK | |||
| r-devel-linux-x86_64-fedora-gcc | 0.1.2 | 31.77 | OK | |||
| r-devel-windows-x86_64 | 0.1.2 | 4.00 | 43.00 | 47.00 | OK | |
| r-patched-linux-x86_64 | 0.1.2 | 1.59 | 19.40 | 20.99 | OK | |
| r-release-linux-x86_64 | 0.1.2 | 1.71 | 19.16 | 20.87 | OK | |
| r-release-macos-arm64 | 0.1.2 | 1.00 | 13.00 | 14.00 | OK | |
| r-release-macos-x86_64 | 0.1.2 | 2.00 | 25.00 | 27.00 | OK | |
| r-release-windows-x86_64 | 0.1.2 | 4.00 | 46.00 | 50.00 | OK | |
| r-oldrel-macos-arm64 | 0.1.2 | 1.00 | 14.00 | 15.00 | NOTE | |
| r-oldrel-macos-x86_64 | 0.1.2 | 1.00 | 20.00 | 21.00 | NOTE | |
| r-oldrel-windows-x86_64 | 0.1.2 | 4.00 | 43.00 | 47.00 | NOTE | 
Version: 0.1.2
Check: CRAN incoming feasibility
Result: NOTE
  Maintainer: ‘Douglas Whitaker <douglas.whitaker@msvu.ca>’
  
  No Authors@R field in DESCRIPTION.
  Please add one, modifying
    Authors@R: person(given = "Douglas",
                      family = "Whitaker",
                      role = c("aut", "cre"),
                      email = "douglas.whitaker@msvu.ca")
  as necessary.
Flavors: r-devel-linux-x86_64-debian-clang, r-devel-linux-x86_64-debian-gcc
Version: 0.1.2
Check: LazyData
Result: NOTE
    'LazyData' is specified without a 'data' directory
Flavors: r-oldrel-macos-arm64, r-oldrel-macos-x86_64, r-oldrel-windows-x86_64