Last updated on 2025-05-18 02:49:41 CEST.
Flavor | Version | Tinstall | Tcheck | Ttotal | Status | Flags |
---|---|---|---|---|---|---|
r-devel-linux-x86_64-debian-clang | 3.8.0 | 52.13 | 340.58 | 392.71 | NOTE | |
r-devel-linux-x86_64-debian-gcc | 3.8.0 | 34.49 | 227.06 | 261.55 | NOTE | |
r-devel-linux-x86_64-fedora-clang | 3.8.0 | 648.64 | NOTE | |||
r-devel-linux-x86_64-fedora-gcc | 3.8.0 | 668.69 | NOTE | |||
r-devel-windows-x86_64 | 3.8.0 | 49.00 | 311.00 | 360.00 | OK | |
r-patched-linux-x86_64 | 3.8.0 | 53.25 | 312.25 | 365.50 | OK | |
r-release-linux-x86_64 | 3.8.0 | 50.77 | 315.01 | 365.78 | NOTE | |
r-release-macos-arm64 | 3.8.0 | 148.00 | OK | |||
r-release-macos-x86_64 | 3.8.0 | 382.00 | OK | |||
r-release-windows-x86_64 | 3.8.0 | 49.00 | 311.00 | 360.00 | OK | |
r-oldrel-macos-arm64 | 3.8.0 | 172.00 | OK | |||
r-oldrel-macos-x86_64 | 3.8.0 | 507.00 | OK | |||
r-oldrel-windows-x86_64 | 3.8.0 | 72.00 | 431.00 | 503.00 | OK |
Version: 3.8.0
Check: Rd cross-references
Result: NOTE
Unknown package ‘kknn’ in Rd xrefs
Flavors: r-devel-linux-x86_64-debian-clang, r-devel-linux-x86_64-debian-gcc, r-devel-linux-x86_64-fedora-clang, r-devel-linux-x86_64-fedora-gcc, r-release-linux-x86_64