Last updated on 2025-05-09 01:50:10 CEST.
Flavor | Version | Tinstall | Tcheck | Ttotal | Status | Flags |
---|---|---|---|---|---|---|
r-devel-linux-x86_64-debian-clang | 1.0.0 | 403.36 | 181.00 | 584.36 | OK | |
r-devel-linux-x86_64-debian-gcc | 1.0.0 | 365.03 | 154.16 | 519.19 | OK | |
r-devel-linux-x86_64-fedora-clang | 1.0.0 | 891.53 | OK | |||
r-devel-linux-x86_64-fedora-gcc | 1.0.0 | 1282.31 | OK | |||
r-devel-windows-x86_64 | 1.0.0 | 416.00 | 229.00 | 645.00 | OK | |
r-patched-linux-x86_64 | 1.0.0 | 459.07 | 206.98 | 666.05 | OK | |
r-release-linux-x86_64 | 1.0.0 | 444.84 | 209.64 | 654.48 | OK | |
r-release-macos-arm64 | 1.0.0 | 246.00 | OK | |||
r-release-macos-x86_64 | 1.0.0 | 324.00 | OK | |||
r-release-windows-x86_64 | 1.0.0 | 424.00 | 222.00 | 646.00 | OK | |
r-oldrel-macos-arm64 | 1.0.0 | 136.00 | NOTE | |||
r-oldrel-macos-x86_64 | 1.0.0 | 165.00 | NOTE | |||
r-oldrel-windows-x86_64 | 1.0.0 | 480.00 | 292.00 | 772.00 | NOTE |
Version: 1.0.0
Check: installed package size
Result: NOTE
installed size is 91.3Mb
sub-directories of 1Mb or more:
libs 90.8Mb
Flavors: r-oldrel-macos-arm64, r-oldrel-macos-x86_64
Version: 1.0.0
Check: for GNU extensions in Makefiles
Result: NOTE
GNU make is a SystemRequirements.
Flavors: r-oldrel-macos-arm64, r-oldrel-macos-x86_64, r-oldrel-windows-x86_64