CRAN Package Check Results for Package MethComp

Last updated on 2025-04-30 02:50:44 CEST.

Flavor Version Tinstall Tcheck Ttotal Status Flags
r-devel-linux-x86_64-debian-clang 1.30.2 6.08 78.01 84.09 NOTE
r-devel-linux-x86_64-debian-gcc 1.30.2 4.65 54.98 59.63 NOTE
r-devel-linux-x86_64-fedora-clang 1.30.2 123.98 OK
r-devel-linux-x86_64-fedora-gcc 1.30.2 124.98 OK
r-devel-windows-x86_64 1.30.2 8.00 103.00 111.00 OK
r-patched-linux-x86_64 1.30.2 7.16 75.30 82.46 OK
r-release-linux-x86_64 1.30.2 5.95 75.72 81.67 OK
r-release-macos-arm64 1.30.2 48.00 OK
r-release-macos-x86_64 1.30.2 76.00 OK
r-release-windows-x86_64 1.30.2 8.00 103.00 111.00 OK
r-oldrel-macos-arm64 1.30.2 45.00 OK
r-oldrel-macos-x86_64 1.30.2 93.00 OK
r-oldrel-windows-x86_64 1.30.2 9.00 123.00 132.00 OK

Check Details

Version: 1.30.2
Check: examples
Result: NOTE Examples with CPU (user + system) or elapsed time > 5s user system elapsed sbp 6.004 0.086 7.476 sbp.MC 5.228 0.130 6.285 Flavor: r-devel-linux-x86_64-debian-clang

Version: 1.30.2
Check: examples
Result: NOTE Examples with CPU (user + system) or elapsed time > 5s user system elapsed sbp 5.775 0.05 6.756 Flavor: r-devel-linux-x86_64-debian-gcc