Last updated on 2025-05-01 01:49:37 CEST.
Flavor | Version | Tinstall | Tcheck | Ttotal | Status | Flags |
---|---|---|---|---|---|---|
r-devel-linux-x86_64-debian-clang | 2.4.1 | 17.25 | 47.42 | 64.67 | OK | |
r-devel-linux-x86_64-debian-gcc | 2.4.1 | 11.88 | 36.66 | 48.54 | OK | |
r-devel-linux-x86_64-fedora-clang | 2.4.1 | 100.66 | NOTE | |||
r-devel-linux-x86_64-fedora-gcc | 2.4.1 | 114.95 | NOTE | |||
r-devel-windows-x86_64 | 2.4.1 | 16.00 | 74.00 | 90.00 | OK | |
r-patched-linux-x86_64 | 2.4.1 | 18.76 | 44.50 | 63.26 | OK | |
r-release-linux-x86_64 | 2.4.1 | 15.93 | 43.98 | 59.91 | OK | |
r-release-macos-arm64 | 2.4.1 | 48.00 | OK | |||
r-release-macos-x86_64 | 2.4.1 | 82.00 | OK | |||
r-release-windows-x86_64 | 2.4.1 | 18.00 | 75.00 | 93.00 | OK | |
r-oldrel-macos-arm64 | 2.4.1 | 42.00 | OK | |||
r-oldrel-macos-x86_64 | 2.4.1 | 87.00 | OK | |||
r-oldrel-windows-x86_64 | 2.4.1 | 22.00 | 84.00 | 106.00 | OK |
Version: 2.4.1
Check: dependencies in R code
Result: NOTE
Namespaces in Imports field not imported from:
‘R6’ ‘curl’ ‘jsonlite’ ‘parallel’ ‘tools’ ‘vctrs’
All declared Imports should be used.
Flavors: r-devel-linux-x86_64-fedora-clang, r-devel-linux-x86_64-fedora-gcc