Last updated on 2024-05-21 02:02:10 CEST.
Flavor | Version | Tinstall | Tcheck | Ttotal | Status | Flags |
---|---|---|---|---|---|---|
r-devel-linux-x86_64-debian-clang | 1.3.3 | 5.98 | 36.84 | 42.82 | OK | |
r-devel-linux-x86_64-debian-gcc | 1.3.3 | 5.17 | 28.37 | 33.54 | OK | |
r-devel-linux-x86_64-fedora-clang | 1.3.3 | 54.51 | NOTE | |||
r-devel-linux-x86_64-fedora-gcc | 1.3.3 | 52.24 | NOTE | |||
r-devel-windows-x86_64 | 1.3.3 | 6.00 | 55.00 | 61.00 | OK | |
r-patched-linux-x86_64 | 1.3.3 | 6.61 | 35.91 | 42.52 | OK | |
r-release-linux-x86_64 | 1.3.3 | 6.28 | 36.05 | 42.33 | OK | |
r-release-macos-arm64 | 1.3.3 | 22.00 | NOTE | |||
r-release-windows-x86_64 | 1.3.3 | 7.00 | 71.00 | 78.00 | OK | |
r-oldrel-macos-arm64 | 1.3.3 | 26.00 | NOTE | |||
r-oldrel-macos-x86_64 | 1.3.3 | 33.00 | NOTE | |||
r-oldrel-windows-x86_64 | 1.3.3 | 9.00 | 60.00 | 69.00 | OK |
Version: 1.3.3
Check: data for non-ASCII characters
Result: NOTE
Note: found 20578 marked UTF-8 strings
Flavors: r-devel-linux-x86_64-fedora-clang, r-devel-linux-x86_64-fedora-gcc
Version: 1.3.3
Check: installed package size
Result: NOTE
installed size is 5.6Mb
sub-directories of 1Mb or more:
data 5.3Mb
Flavors: r-release-macos-arm64, r-oldrel-macos-arm64, r-oldrel-macos-x86_64