Last updated on 2024-05-09 01:56:01 CEST.
Flavor | Version | Tinstall | Tcheck | Ttotal | Status | Flags |
---|---|---|---|---|---|---|
r-devel-linux-x86_64-debian-clang | 1.1.1 | 51.93 | 163.41 | 215.34 | OK | |
r-devel-linux-x86_64-debian-gcc | 1.1.1 | 36.90 | 115.19 | 152.09 | OK | |
r-devel-linux-x86_64-fedora-clang | 1.1.1 | 284.46 | OK | |||
r-devel-linux-x86_64-fedora-gcc | 1.1.1 | 314.70 | OK | |||
r-devel-windows-x86_64 | 1.1.1 | 40.00 | 156.00 | 196.00 | OK | |
r-patched-linux-x86_64 | 1.1.1 | 48.31 | 148.40 | 196.71 | OK | |
r-release-linux-x86_64 | 1.1.1 | 49.69 | 150.51 | 200.20 | OK | |
r-release-macos-arm64 | 1.1.1 | 77.00 | OK | |||
r-release-macos-x86_64 | 1.1.1 | 180.00 | OK | |||
r-release-windows-x86_64 | 1.1.1 | 41.00 | 150.00 | 191.00 | OK | |
r-oldrel-macos-arm64 | 1.1.1 | 78.00 | NOTE | |||
r-oldrel-macos-x86_64 | 1.1.1 | 170.00 | NOTE | |||
r-oldrel-windows-x86_64 | 1.1.1 | 56.00 | 184.00 | 240.00 | OK |
Version: 1.1.1
Check: package dependencies
Result: NOTE
Package suggested but not available for checking: ‘rhdf5’
Flavors: r-oldrel-macos-arm64, r-oldrel-macos-x86_64