Last updated on 2025-11-16 01:49:22 CET.
| Flavor | Version | Tinstall | Tcheck | Ttotal | Status | Flags |
|---|---|---|---|---|---|---|
| r-devel-linux-x86_64-debian-clang | 1.1.0 | 9.18 | 72.62 | 81.80 | OK | |
| r-devel-linux-x86_64-debian-gcc | 1.1.0 | 6.64 | 57.21 | 63.85 | OK | |
| r-devel-linux-x86_64-fedora-clang | 1.1.0 | 26.00 | 108.37 | 134.37 | OK | |
| r-devel-linux-x86_64-fedora-gcc | 1.1.0 | 18.00 | 102.24 | 120.24 | OK | |
| r-devel-windows-x86_64 | 1.1.0 | 12.00 | 79.00 | 91.00 | OK | |
| r-patched-linux-x86_64 | 1.1.0 | 9.60 | 69.97 | 79.57 | OK | |
| r-release-linux-x86_64 | 1.1.0 | 9.02 | 70.09 | 79.11 | OK | |
| r-release-macos-arm64 | 1.1.0 | 4.00 | 35.00 | 39.00 | OK | |
| r-release-macos-x86_64 | 1.1.0 | 10.00 | 62.00 | 72.00 | OK | |
| r-release-windows-x86_64 | 1.1.0 | 10.00 | 79.00 | 89.00 | OK | |
| r-oldrel-macos-arm64 | 1.1.0 | 4.00 | 33.00 | 37.00 | OK | |
| r-oldrel-macos-x86_64 | 1.1.0 | 6.00 | 83.00 | 89.00 | OK | |
| r-oldrel-windows-x86_64 | 1.1.0 | 1.00 | 9.00 | 10.00 | ERROR |
Version: 1.1.0
Check: package dependencies
Result: ERROR
Package required but not available: 'OpenMx'
See section 'The DESCRIPTION file' in the 'Writing R Extensions'
manual.
Flavor: r-oldrel-windows-x86_64