Last updated on 2025-05-01 01:49:38 CEST.
Flavor | Version | Tinstall | Tcheck | Ttotal | Status | Flags |
---|---|---|---|---|---|---|
r-devel-linux-x86_64-debian-clang | 0.5.0 | 13.17 | 194.58 | 207.75 | NOTE | |
r-devel-linux-x86_64-debian-gcc | 0.5.0 | 8.84 | 136.34 | 145.18 | NOTE | |
r-devel-linux-x86_64-fedora-clang | 0.5.0 | 346.57 | OK | |||
r-devel-linux-x86_64-fedora-gcc | 0.5.0 | 321.68 | OK | |||
r-devel-windows-x86_64 | 0.5.0 | 16.00 | 189.00 | 205.00 | NOTE | |
r-patched-linux-x86_64 | 0.5.0 | 13.44 | 184.76 | 198.20 | NOTE | |
r-release-linux-x86_64 | 0.5.0 | 12.83 | 185.82 | 198.65 | NOTE | |
r-release-macos-arm64 | 0.5.0 | 90.00 | OK | |||
r-release-macos-x86_64 | 0.5.0 | 163.00 | OK | |||
r-release-windows-x86_64 | 0.5.0 | 16.00 | 191.00 | 207.00 | NOTE | |
r-oldrel-macos-arm64 | 0.5.0 | 78.00 | OK | |||
r-oldrel-macos-x86_64 | 0.5.0 | 131.00 | OK | |||
r-oldrel-windows-x86_64 | 0.5.0 | 18.00 | 248.00 | 266.00 | OK |
Version: 0.5.0
Check: Rd cross-references
Result: NOTE
Found the following Rd file(s) with Rd \link{} targets missing package
anchors:
ComponentesPrincipais.Misto.Rd: PCAmix
Please provide package anchors for all Rd \link{} targets not in the
package itself and the base packages.
Flavors: r-devel-linux-x86_64-debian-clang, r-devel-linux-x86_64-debian-gcc, r-devel-windows-x86_64, r-patched-linux-x86_64, r-release-linux-x86_64, r-release-windows-x86_64
Version: 0.5.0
Check: examples
Result: NOTE
Examples with CPU (user + system) or elapsed time > 5s
user system elapsed
Kmeans_NumeroOtimo2 8.259 0.094 10.251
ContribuicaoRelativa 7.399 0.033 9.539
Kmeans_NumeroOtimo 7.380 0.036 10.017
Kmeans 6.324 0.087 8.526
Dendrograma 4.702 0.007 5.797
Flavor: r-devel-linux-x86_64-debian-clang
Version: 0.5.0
Check: examples
Result: NA
user system elapsed
Kmeans_NumeroOtimo2 4.929 0.102 6.530
ContribuicaoRelativa 4.412 0.040 5.179
Kmeans 4.239 0.012 5.336
OK
Flavor: r-devel-linux-x86_64-debian-gcc