Last updated on 2025-02-17 01:50:32 CET.
Flavor | Version | Tinstall | Tcheck | Ttotal | Status | Flags |
---|---|---|---|---|---|---|
r-devel-linux-x86_64-debian-clang | 0.5.0 | 11.45 | 187.19 | 198.64 | NOTE | |
r-devel-linux-x86_64-debian-gcc | 0.5.0 | 9.41 | 126.09 | 135.50 | NOTE | |
r-devel-linux-x86_64-fedora-clang | 0.5.0 | 344.38 | OK | |||
r-devel-linux-x86_64-fedora-gcc | 0.5.0 | 324.08 | OK | |||
r-devel-macos-arm64 | 0.5.0 | 94.00 | OK | |||
r-devel-macos-x86_64 | 0.5.0 | 163.00 | OK | |||
r-devel-windows-x86_64 | 0.5.0 | 15.00 | 177.00 | 192.00 | NOTE | |
r-patched-linux-x86_64 | 0.5.0 | 19.60 | 175.49 | 195.09 | OK | |
r-release-linux-x86_64 | 0.5.0 | 12.14 | 175.07 | 187.21 | OK | |
r-release-macos-arm64 | 0.5.0 | 78.00 | OK | |||
r-release-macos-x86_64 | 0.5.0 | 131.00 | OK | |||
r-release-windows-x86_64 | 0.5.0 | 16.00 | 185.00 | 201.00 | OK | |
r-oldrel-macos-arm64 | 0.5.0 | 89.00 | OK | |||
r-oldrel-macos-x86_64 | 0.5.0 | 149.00 | OK | |||
r-oldrel-windows-x86_64 | 0.5.0 | 18.00 | 240.00 | 258.00 | OK |
Version: 0.5.0
Check: Rd cross-references
Result: NOTE
Found the following Rd file(s) with Rd \link{} targets missing package
anchors:
ComponentesPrincipais.Misto.Rd: PCAmix
Please provide package anchors for all Rd \link{} targets not in the
package itself and the base packages.
Flavors: r-devel-linux-x86_64-debian-clang, r-devel-linux-x86_64-debian-gcc, r-devel-windows-x86_64