Last updated on 2024-05-21 02:02:11 CEST.
Flavor | Version | Tinstall | Tcheck | Ttotal | Status | Flags |
---|---|---|---|---|---|---|
r-devel-linux-x86_64-debian-clang | 0.1 | 7.40 | 72.44 | 79.84 | NOTE | |
r-devel-linux-x86_64-debian-gcc | 0.1 | 7.27 | 53.59 | 60.86 | NOTE | |
r-devel-linux-x86_64-fedora-clang | 0.1 | 98.78 | NOTE | |||
r-devel-linux-x86_64-fedora-gcc | 0.1 | 94.17 | NOTE | |||
r-devel-windows-x86_64 | 0.1 | 8.00 | 72.00 | 80.00 | NOTE | |
r-patched-linux-x86_64 | 0.1 | 8.87 | 68.52 | 77.39 | NOTE | |
r-release-linux-x86_64 | 0.1 | 7.18 | 68.05 | 75.23 | NOTE | |
r-release-macos-arm64 | 0.1 | 32.00 | NOTE | |||
r-release-windows-x86_64 | 0.1 | 8.00 | 72.00 | 80.00 | NOTE | |
r-oldrel-macos-arm64 | 0.1 | 38.00 | OK | |||
r-oldrel-macos-x86_64 | 0.1 | 54.00 | OK | |||
r-oldrel-windows-x86_64 | 0.1 | 10.00 | 84.00 | 94.00 | OK |
Version: 0.1
Check: Rd files
Result: NOTE
checkRd: (-1) DiscHazRateAuxFunctions.Rd:46: Lost braces in \itemize; meant \describe ?
checkRd: (-1) DiscHazRateAuxFunctions.Rd:47: Lost braces in \itemize; meant \describe ?
checkRd: (-1) DiscHazRateAuxFunctions.Rd:48: Lost braces in \itemize; meant \describe ?
Flavors: r-devel-linux-x86_64-debian-clang, r-devel-linux-x86_64-debian-gcc, r-devel-linux-x86_64-fedora-clang, r-devel-linux-x86_64-fedora-gcc, r-devel-windows-x86_64, r-patched-linux-x86_64, r-release-linux-x86_64, r-release-macos-arm64, r-release-windows-x86_64