Last updated on 2024-05-21 02:02:10 CEST.
Flavor | Version | Tinstall | Tcheck | Ttotal | Status | Flags |
---|---|---|---|---|---|---|
r-devel-linux-x86_64-debian-clang | 1.2 | 4.94 | 46.81 | 51.75 | OK | |
r-devel-linux-x86_64-debian-gcc | 1.2 | 3.73 | 35.75 | 39.48 | OK | |
r-devel-linux-x86_64-fedora-clang | 1.2 | 64.66 | NOTE | |||
r-devel-linux-x86_64-fedora-gcc | 1.2 | 60.96 | NOTE | |||
r-devel-windows-x86_64 | 1.2 | 6.00 | 60.00 | 66.00 | OK | |
r-patched-linux-x86_64 | 1.2 | 4.50 | 44.29 | 48.79 | OK | |
r-release-linux-x86_64 | 1.2 | 5.05 | 44.58 | 49.63 | OK | |
r-release-macos-arm64 | 1.2 | 25.00 | OK | |||
r-release-macos-x86_64 | 1.2 | 42.00 | OK | |||
r-release-windows-x86_64 | 1.2 | 6.00 | 58.00 | 64.00 | OK | |
r-oldrel-macos-arm64 | 1.2 | 25.00 | OK | |||
r-oldrel-macos-x86_64 | 1.2 | 38.00 | OK | |||
r-oldrel-windows-x86_64 | 1.2 | 9.00 | 62.00 | 71.00 | OK |
Version: 1.2
Check: compiled code
Result: NOTE
File ‘NetPreProc/libs/NetPreProc.so’:
Found no calls to: ‘R_registerRoutines’, ‘R_useDynamicSymbols’
It is good practice to register native routines and to disable symbol
search.
See ‘Writing portable packages’ in the ‘Writing R Extensions’ manual.
Flavors: r-devel-linux-x86_64-fedora-clang, r-devel-linux-x86_64-fedora-gcc