Last updated on 2025-05-01 01:49:39 CEST.
Flavor | Version | Tinstall | Tcheck | Ttotal | Status | Flags |
---|---|---|---|---|---|---|
r-devel-linux-x86_64-debian-clang | 0.3.4 | 42.99 | 100.56 | 143.55 | NOTE | |
r-devel-linux-x86_64-debian-gcc | 0.3.4 | 29.96 | 75.60 | 105.56 | NOTE | |
r-devel-linux-x86_64-fedora-clang | 0.3.4 | 243.61 | NOTE | |||
r-devel-linux-x86_64-fedora-gcc | 0.3.4 | 246.43 | NOTE | |||
r-devel-windows-x86_64 | 0.3.4 | 50.00 | 146.00 | 196.00 | NOTE | |
r-patched-linux-x86_64 | 0.3.4 | 40.27 | 99.18 | 139.45 | NOTE | |
r-release-linux-x86_64 | 0.3.4 | 39.97 | 98.91 | 138.88 | NOTE | |
r-release-macos-arm64 | 0.3.4 | 91.00 | NOTE | |||
r-release-macos-x86_64 | 0.3.4 | 140.00 | NOTE | |||
r-release-windows-x86_64 | 0.3.4 | 50.00 | 148.00 | 198.00 | NOTE | |
r-oldrel-macos-arm64 | 0.3.4 | 71.00 | NOTE | |||
r-oldrel-macos-x86_64 | 0.3.4 | 98.00 | NOTE | |||
r-oldrel-windows-x86_64 | 0.3.4 | 55.00 | 180.00 | 235.00 | NOTE |
Version: 0.3.4
Check: C++ specification
Result: NOTE
Specified C++11: please drop specification unless essential
Flavors: r-devel-linux-x86_64-debian-clang, r-devel-linux-x86_64-debian-gcc, r-devel-linux-x86_64-fedora-clang, r-devel-linux-x86_64-fedora-gcc, r-devel-windows-x86_64, r-patched-linux-x86_64, r-release-linux-x86_64, r-release-macos-arm64, r-release-macos-x86_64, r-release-windows-x86_64, r-oldrel-macos-arm64, r-oldrel-macos-x86_64, r-oldrel-windows-x86_64