CRAN Package Check Results for Package NetworkToolbox

Last updated on 2025-05-09 01:50:12 CEST.

Flavor Version Tinstall Tcheck Ttotal Status Flags
r-devel-linux-x86_64-debian-clang 1.4.2 7.72 75.40 83.12 NOTE
r-devel-linux-x86_64-debian-gcc 1.4.2 6.29 49.76 56.05 NOTE
r-devel-linux-x86_64-fedora-clang 1.4.4 142.46 OK
r-devel-linux-x86_64-fedora-gcc 1.4.4 127.93 OK
r-devel-windows-x86_64 1.4.2 12.00 103.00 115.00 NOTE
r-patched-linux-x86_64 1.4.2 10.56 70.49 81.05 NOTE
r-release-linux-x86_64 1.4.2 8.82 70.21 79.03 NOTE
r-release-macos-arm64 1.4.4 36.00 OK
r-release-macos-x86_64 1.4.4 69.00 OK
r-release-windows-x86_64 1.4.2 11.00 109.00 120.00 NOTE
r-oldrel-macos-arm64 1.4.4 42.00 OK
r-oldrel-macos-x86_64 1.4.4 94.00 OK
r-oldrel-windows-x86_64 1.4.2 15.00 126.00 141.00 NOTE

Check Details

Version: 1.4.2
Check: CRAN incoming feasibility
Result: NOTE Maintainer: ‘Alexander Christensen <alexpaulchristensen@gmail.com>’ Problems when reading CITATION file: It is recommended to use ‘given’ instead of ‘middle’. Flavors: r-devel-linux-x86_64-debian-clang, r-devel-linux-x86_64-debian-gcc

Version: 1.4.2
Check: Rd files
Result: NOTE checkRd: (-1) MFCF.Rd:35-36: Lost braces in \itemize; meant \describe ? checkRd: (-1) MFCF.Rd:39-40: Lost braces in \itemize; meant \describe ? checkRd: (-1) MFCF.Rd:43-44: Lost braces in \itemize; meant \describe ? checkRd: (-1) MFCF.Rd:47-48: Lost braces in \itemize; meant \describe ? checkRd: (-1) comm.str.Rd:24-25: Lost braces in \itemize; meant \describe ? checkRd: (-1) comm.str.Rd:28-29: Lost braces in \itemize; meant \describe ? checkRd: (-1) cpm.Rd:153-160: Lost braces in \itemize; meant \describe ? checkRd: (-1) cpm.Rd:164-166: Lost braces in \itemize; meant \describe ? checkRd: (-1) cpm.Rd:170-174: Lost braces in \itemize; meant \describe ? checkRd: (-1) cpm.Rd:178-179: Lost braces in \itemize; meant \describe ? checkRd: (-1) cpm.Rd:183-184: Lost braces in \itemize; meant \describe ? checkRd: (-1) cpm.Rd:188: Lost braces in \itemize; meant \describe ? checkRd: (-1) dCor.Rd:18: Lost braces in \itemize; meant \describe ? checkRd: (-1) dCor.Rd:21: Lost braces in \itemize; meant \describe ? checkRd: (-1) gain.functions.Rd:79-81: Lost braces in \itemize; meant \describe ? checkRd: (-1) gain.functions.Rd:85-87: Lost braces in \itemize; meant \describe ? checkRd: (-1) gain.functions.Rd:91-96: Lost braces in \itemize; meant \describe ? checkRd: (-1) gain.functions.Rd:40-41: Lost braces in \itemize; meant \describe ? checkRd: (-1) gain.functions.Rd:44-45: Lost braces in \itemize; meant \describe ? checkRd: (-1) gain.functions.Rd:48-49: Lost braces in \itemize; meant \describe ? checkRd: (-1) gain.functions.Rd:52-53: Lost braces in \itemize; meant \describe ? checkRd: (-1) gain.functions.Rd:56-57: Lost braces in \itemize; meant \describe ? checkRd: (-1) gain.functions.Rd:60-61: Lost braces in \itemize; meant \describe ? checkRd: (-1) openness.Rd:15: Lost braces in \itemize; meant \describe ? checkRd: (-1) openness.Rd:18: Lost braces in \itemize; meant \describe ? checkRd: (-1) openness.Rd:21: Lost braces in \itemize; meant \describe ? checkRd: (-1) openness.Rd:24: Lost braces in \itemize; meant \describe ? checkRd: (-1) openness.Rd:27: Lost braces in \itemize; meant \describe ? checkRd: (-1) openness.Rd:30-32: Lost braces in \itemize; meant \describe ? checkRd: (-1) openness.Rd:35: Lost braces in \itemize; meant \describe ? checkRd: (-1) sim.chordal.Rd:26-30: Lost braces in \itemize; meant \describe ? Flavors: r-devel-linux-x86_64-debian-clang, r-devel-linux-x86_64-debian-gcc, r-devel-windows-x86_64, r-patched-linux-x86_64, r-release-linux-x86_64, r-release-windows-x86_64, r-oldrel-windows-x86_64

Version: 1.4.2
Check: Rd cross-references
Result: NOTE Found the following Rd file(s) with Rd \link{} targets missing package anchors: convert2igraph.Rd: igraph sim.chordal.Rd: psych sim.swn.Rd: psych Please provide package anchors for all Rd \link{} targets not in the package itself and the base packages. Flavors: r-devel-linux-x86_64-debian-clang, r-devel-linux-x86_64-debian-gcc, r-devel-windows-x86_64, r-patched-linux-x86_64, r-release-linux-x86_64, r-release-windows-x86_64