Last updated on 2025-04-30 01:50:28 CEST.
Flavor | Version | Tinstall | Tcheck | Ttotal | Status | Flags |
---|---|---|---|---|---|---|
r-devel-linux-x86_64-debian-clang | 1.1.3 | 7.48 | 72.06 | 79.54 | NOTE | |
r-devel-linux-x86_64-debian-gcc | 1.1.3 | 4.65 | 48.48 | 53.13 | OK | |
r-devel-linux-x86_64-fedora-clang | 1.1.3 | 127.28 | OK | |||
r-devel-linux-x86_64-fedora-gcc | 1.1.3 | 118.47 | OK | |||
r-devel-windows-x86_64 | 1.1.3 | 8.00 | 101.00 | 109.00 | OK | |
r-patched-linux-x86_64 | 1.1.3 | 8.10 | 68.22 | 76.32 | OK | |
r-release-linux-x86_64 | 1.1.3 | 7.06 | 66.49 | 73.55 | OK | |
r-release-macos-arm64 | 1.1.3 | 40.00 | OK | |||
r-release-macos-x86_64 | 1.1.3 | 65.00 | OK | |||
r-release-windows-x86_64 | 1.1.3 | 9.00 | 101.00 | 110.00 | OK | |
r-oldrel-macos-arm64 | 1.1.3 | 34.00 | OK | |||
r-oldrel-macos-x86_64 | 1.1.3 | 56.00 | OK | |||
r-oldrel-windows-x86_64 | 1.1.3 | 10.00 | 117.00 | 127.00 | OK |
Version: 1.1.3
Check: examples
Result: NOTE
Examples with CPU (user + system) or elapsed time > 5s
user system elapsed
ComputeHessMeasures 4.506 0.254 5.837
Flavor: r-devel-linux-x86_64-debian-clang