Last updated on 2025-10-31 01:49:06 CET.
| Flavor | Version | Tinstall | Tcheck | Ttotal | Status | Flags | 
|---|---|---|---|---|---|---|
| r-devel-linux-x86_64-debian-clang | 1.1.3 | 43.07 | 43.84 | 86.91 | OK | |
| r-devel-linux-x86_64-debian-gcc | 1.1.3 | 34.27 | 32.36 | 66.63 | OK | |
| r-devel-linux-x86_64-fedora-clang | 1.1.3 | 93.00 | 59.85 | 152.85 | OK | |
| r-devel-linux-x86_64-fedora-gcc | 1.1.3 | 98.00 | 57.82 | 155.82 | OK | |
| r-devel-windows-x86_64 | 1.1.3 | 56.00 | 76.00 | 132.00 | OK | |
| r-patched-linux-x86_64 | 1.1.3 | 51.61 | 39.72 | 91.33 | OK | |
| r-release-linux-x86_64 | 1.1.3 | 50.17 | 39.76 | 89.93 | OK | |
| r-release-macos-arm64 | 1.1.3 | 17.00 | 20.00 | 37.00 | OK | |
| r-release-macos-x86_64 | 1.1.3 | 34.00 | 33.00 | 67.00 | OK | |
| r-release-windows-x86_64 | 1.1.3 | 55.00 | 80.00 | 135.00 | OK | |
| r-oldrel-macos-arm64 | 1.1.3 | 15.00 | 27.00 | 42.00 | NOTE | |
| r-oldrel-macos-x86_64 | 1.1.3 | 37.00 | 41.00 | 78.00 | NOTE | |
| r-oldrel-windows-x86_64 | 1.1.3 | 65.00 | 97.00 | 162.00 | OK | 
Version: 1.1.3
Check: installed package size
Result: NOTE
    installed size is  6.9Mb
    sub-directories of 1Mb or more:
      libs   6.7Mb
Flavors: r-oldrel-macos-arm64, r-oldrel-macos-x86_64