Last updated on 2024-05-21 02:02:12 CEST.
Flavor | Version | Tinstall | Tcheck | Ttotal | Status | Flags |
---|---|---|---|---|---|---|
r-devel-linux-x86_64-debian-clang | 1.0 | 39.15 | 101.38 | 140.53 | NOTE | |
r-devel-linux-x86_64-debian-gcc | 1.0 | 35.94 | 72.28 | 108.22 | NOTE | |
r-devel-linux-x86_64-fedora-clang | 1.0 | 190.55 | NOTE | |||
r-devel-linux-x86_64-fedora-gcc | 1.0 | 185.09 | NOTE | |||
r-devel-windows-x86_64 | 1.0 | 35.00 | 124.00 | 159.00 | NOTE | |
r-patched-linux-x86_64 | 1.0 | 43.16 | 93.27 | 136.43 | NOTE | |
r-release-linux-x86_64 | 1.0 | 48.26 | 92.96 | 141.22 | NOTE | |
r-release-macos-arm64 | 1.0 | 57.00 | NOTE | |||
r-release-windows-x86_64 | 1.0 | 35.00 | 129.00 | 164.00 | NOTE | |
r-oldrel-macos-arm64 | 1.0 | 61.00 | OK | |||
r-oldrel-macos-x86_64 | 1.0 | 171.00 | OK | |||
r-oldrel-windows-x86_64 | 1.0 | 44.00 | 134.00 | 178.00 | OK |
Version: 1.0
Check: Rd files
Result: NOTE
checkRd: (-1) mc3_pep.Rd:53: Lost braces; missing escapes or markup?
53 | is not 2^{p} but the number of unique models `visited' by the
| ^
Flavors: r-devel-linux-x86_64-debian-clang, r-devel-linux-x86_64-debian-gcc, r-devel-linux-x86_64-fedora-clang, r-devel-linux-x86_64-fedora-gcc, r-devel-windows-x86_64, r-patched-linux-x86_64, r-release-linux-x86_64, r-release-macos-arm64, r-release-windows-x86_64