Last updated on 2025-05-09 01:50:13 CEST.
Flavor | Version | Tinstall | Tcheck | Ttotal | Status | Flags |
---|---|---|---|---|---|---|
r-devel-linux-x86_64-debian-clang | 0.1.0 | 2.33 | 42.00 | 44.33 | NOTE | |
r-devel-linux-x86_64-debian-gcc | 0.1.0 | 1.72 | 28.07 | 29.79 | NOTE | |
r-devel-linux-x86_64-fedora-clang | 0.1.0 | 70.69 | OK | |||
r-devel-linux-x86_64-fedora-gcc | 0.1.0 | 82.71 | OK | |||
r-devel-windows-x86_64 | 0.1.0 | 2.00 | 65.00 | 67.00 | OK | |
r-patched-linux-x86_64 | 0.1.0 | 2.37 | 40.11 | 42.48 | OK | |
r-release-linux-x86_64 | 0.1.0 | 2.20 | 40.33 | 42.53 | OK | |
r-release-macos-arm64 | 0.1.0 | 39.00 | OK | |||
r-release-macos-x86_64 | 0.1.0 | 59.00 | OK | |||
r-release-windows-x86_64 | 0.1.0 | 4.00 | 69.00 | 73.00 | OK | |
r-oldrel-macos-arm64 | 0.1.0 | 27.00 | OK | |||
r-oldrel-macos-x86_64 | 0.1.0 | 44.00 | OK | |||
r-oldrel-windows-x86_64 | 0.1.0 | 4.00 | 79.00 | 83.00 | OK |
Version: 0.1.0
Check: CRAN incoming feasibility
Result: NOTE
Maintainer: ‘Zhili Qiao <zlqiao@iastate.edu>’
No Authors@R field in DESCRIPTION.
Please add one, modifying
Authors@R: person(given = "Zhili",
family = "Qiao",
role = c("aut", "cre"),
email = "zlqiao@iastate.edu")
as necessary.
Flavors: r-devel-linux-x86_64-debian-clang, r-devel-linux-x86_64-debian-gcc