Last updated on 2025-05-09 01:50:13 CEST.
Flavor | Version | Tinstall | Tcheck | Ttotal | Status | Flags |
---|---|---|---|---|---|---|
r-devel-linux-x86_64-debian-clang | 2.0.7 | 25.44 | 69.22 | 94.66 | NOTE | |
r-devel-linux-x86_64-debian-gcc | 2.0.7 | 16.67 | 50.98 | 67.65 | NOTE | |
r-devel-linux-x86_64-fedora-clang | 2.0.7 | 176.03 | OK | |||
r-devel-linux-x86_64-fedora-gcc | 2.0.7 | 164.12 | OK | |||
r-devel-windows-x86_64 | 2.0.7 | 33.00 | 100.00 | 133.00 | NOTE | |
r-patched-linux-x86_64 | 2.0.7 | 24.65 | 65.54 | 90.19 | NOTE | |
r-release-linux-x86_64 | 2.0.7 | 23.27 | 65.90 | 89.17 | NOTE | |
r-release-macos-arm64 | 2.0.7 | 61.00 | OK | |||
r-release-macos-x86_64 | 2.0.7 | 94.00 | OK | |||
r-release-windows-x86_64 | 2.0.7 | 33.00 | 101.00 | 134.00 | NOTE | |
r-oldrel-macos-arm64 | 2.0.7 | 34.00 | OK | |||
r-oldrel-macos-x86_64 | 2.0.7 | 57.00 | OK | |||
r-oldrel-windows-x86_64 | 2.0.7 | 39.00 | 128.00 | 167.00 | OK |
Version: 2.0.7
Check: CRAN incoming feasibility
Result: NOTE
Maintainer: ‘Van-Dung Pham <dvp0001@auburn.edu>’
No Authors@R field in DESCRIPTION.
Please add one, modifying
Authors@R: c(person(given = "Hung",
family = "Nguyen",
role = "aut"),
person(given = "Bang",
family = "Tran",
role = "aut"),
person(given = "Duc",
family = "Tran",
role = "aut"),
person(given = "Tin",
family = "Nguyen",
role = "aut"),
person(given = "Van-Dung",
family = "Pham",
role = "cre",
email = "dvp0001@auburn.edu"))
as necessary.
Flavors: r-devel-linux-x86_64-debian-clang, r-devel-linux-x86_64-debian-gcc
Version: 2.0.7
Check: Rd cross-references
Result: NOTE
Found the following Rd file(s) with Rd \link{} targets missing package
anchors:
PerturbationClustering.Rd: pam
Please provide package anchors for all Rd \link{} targets not in the
package itself and the base packages.
Flavors: r-devel-linux-x86_64-debian-clang, r-devel-linux-x86_64-debian-gcc, r-devel-windows-x86_64, r-patched-linux-x86_64, r-release-linux-x86_64, r-release-windows-x86_64