Last updated on 2025-11-16 01:49:25 CET.
| Flavor | Version | Tinstall | Tcheck | Ttotal | Status | Flags |
|---|---|---|---|---|---|---|
| r-devel-linux-x86_64-debian-clang | 0.1.0 | 65.14 | 58.84 | 123.98 | OK | |
| r-devel-linux-x86_64-debian-gcc | 0.1.0 | 48.97 | 45.16 | 94.13 | OK | |
| r-devel-linux-x86_64-fedora-clang | 0.1.0 | 122.00 | 82.22 | 204.22 | OK | |
| r-devel-linux-x86_64-fedora-gcc | 0.1.0 | 147.00 | 74.00 | 221.00 | OK | |
| r-devel-windows-x86_64 | 0.1.0 | 77.00 | 87.00 | 164.00 | OK | |
| r-patched-linux-x86_64 | 0.1.0 | 75.05 | 56.71 | 131.76 | OK | |
| r-release-linux-x86_64 | 0.1.0 | 72.78 | 56.92 | 129.70 | OK | |
| r-release-macos-arm64 | 0.1.0 | 28.00 | 31.00 | 59.00 | OK | |
| r-release-macos-x86_64 | 0.1.0 | 60.00 | 49.00 | 109.00 | OK | |
| r-release-windows-x86_64 | 0.1.0 | 69.00 | 86.00 | 155.00 | OK | |
| r-oldrel-macos-arm64 | 0.1.0 | 28.00 | 29.00 | 57.00 | NOTE | |
| r-oldrel-macos-x86_64 | 0.1.0 | 71.00 | 47.00 | 118.00 | NOTE | |
| r-oldrel-windows-x86_64 | 0.1.0 | 86.00 | 110.00 | 196.00 | OK |
Version: 0.1.0
Check: installed package size
Result: NOTE
installed size is 9.2Mb
sub-directories of 1Mb or more:
libs 8.6Mb
Flavors: r-oldrel-macos-arm64, r-oldrel-macos-x86_64