Last updated on 2024-05-21 02:02:12 CEST.
Flavor | Version | Tinstall | Tcheck | Ttotal | Status | Flags |
---|---|---|---|---|---|---|
r-devel-linux-x86_64-debian-clang | 0.1-12 | 8.01 | 29.03 | 37.04 | NOTE | |
r-devel-linux-x86_64-debian-gcc | 0.1-12 | 6.11 | 22.21 | 28.32 | NOTE | |
r-devel-linux-x86_64-fedora-clang | 0.1-12 | 50.85 | NOTE | |||
r-devel-linux-x86_64-fedora-gcc | 0.1-12 | 48.34 | NOTE | |||
r-devel-windows-x86_64 | 0.1-12 | 14.00 | 99.00 | 113.00 | NOTE | |
r-patched-linux-x86_64 | 0.1-12 | 8.45 | 28.62 | 37.07 | OK | |
r-release-linux-x86_64 | 0.1-12 | 7.32 | 27.35 | 34.67 | OK | |
r-release-macos-arm64 | 0.1-12 | 23.00 | OK | |||
r-release-windows-x86_64 | 0.1-12 | 13.00 | 98.00 | 111.00 | NOTE | |
r-oldrel-macos-arm64 | 0.1-12 | 24.00 | OK | |||
r-oldrel-macos-x86_64 | 0.1-12 | 33.00 | OK | |||
r-oldrel-windows-x86_64 | 0.1-12 | 10.00 | 103.00 | 113.00 | OK |
Version: 0.1-12
Check: compiled code
Result: NOTE
File ‘PKI/libs/PKI.so’:
Found non-API call to R: ‘SETLENGTH’
Compiled code should not call non-API entry points in R.
See ‘Writing portable packages’ in the ‘Writing R Extensions’ manual.
Flavors: r-devel-linux-x86_64-debian-clang, r-devel-linux-x86_64-debian-gcc, r-devel-linux-x86_64-fedora-clang, r-devel-linux-x86_64-fedora-gcc
Version: 0.1-12
Check: installed package size
Result: NOTE
installed size is 5.2Mb
sub-directories of 1Mb or more:
libs 5.1Mb
Flavors: r-devel-windows-x86_64, r-release-windows-x86_64
Version: 0.1-12
Check: compiled code
Result: NOTE
File 'PKI/libs/x64/PKI.dll':
Found non-API call to R: 'SETLENGTH'
Compiled code should not call non-API entry points in R.
See 'Writing portable packages' in the 'Writing R Extensions' manual.
Flavor: r-devel-windows-x86_64